{"id":3357,"date":"2026-01-07T15:31:58","date_gmt":"2026-01-07T14:31:58","guid":{"rendered":"https:\/\/eveha-international.com\/?page_id=3357"},"modified":"2026-01-09T12:22:19","modified_gmt":"2026-01-09T11:22:19","slug":"las-herrizas","status":"publish","type":"page","link":"https:\/\/eveha-international.com\/?page_id=3357","title":{"rendered":"Las Herrizas"},"content":{"rendered":"\n<p class=\"has-text-align-left has-small-font-size\">Le site de Las Herrizas est situ\u00e9 au sud de la commune d\u2019Alcal\u00e1 de los Gazules (C\u00e1diz, Espagne). <br>Il s\u2019agit d\u2019un \u00e9tablissement organis\u00e9 autour d\u2019un affleurement de roche tendre, <br>dans lequel s\u2019ancrait un habitat semi-rupestre, vraisemblablement occup\u00e9 <br>entre l\u2019\u00e9poque archa\u00efque et la fin de l\u2019\u00e9poque r\u00e9publicaine.<\/p>\n\n\n\n<div class=\"wp-block-separator has-alpha-channel-opacity is-style-wide\" style=\"margin-top:var(--wp--preset--spacing--40);margin-bottom:var(--wp--preset--spacing--40)\"><\/div>\n\n\n\n<div class=\"wp-block-columns is-layout-flex wp-container-core-columns-is-layout-9d6595d7 wp-block-columns-is-layout-flex\">\n<div class=\"wp-block-column is-layout-flow wp-block-column-is-layout-flow\">\n<h6 class=\"wp-block-heading has-theme-palette-12-color has-text-color has-link-color has-small-font-size wp-elements-b0f774d534b8ab1c0b7b26feb508fcaa\">Direction<br>Bartolom\u00e9 Mora Serrano&nbsp;(Universidad de M\u00e1laga)<br>Pierre Moret&nbsp;(UMR 5608 \u2013 TRACES)<\/h6>\n<\/div>\n\n\n\n<div class=\"wp-block-column is-layout-flow wp-block-column-is-layout-flow\">\n<p class=\"has-small-font-size\"><strong>Participation d&rsquo;\u00c9veha<br><\/strong>\u00c9tude du mobilier c\u00e9ramique et amphorique <br>Collaboration de publication scientifique<\/p>\n<\/div>\n\n\n\n<div class=\"wp-block-column is-layout-flow wp-block-column-is-layout-flow\">\n<p class=\"has-small-font-size\"><strong>Localisation<\/strong> <br>Espagne<\/p>\n<\/div>\n<\/div>\n\n\n\n<div class=\"wp-block-separator has-text-color has-theme-palette-12-color has-alpha-channel-opacity has-theme-palette-12-background-color has-background is-style-wide\" style=\"margin-top:var(--wp--preset--spacing--60);margin-bottom:var(--wp--preset--spacing--60)\"><\/div>\n\n\n\n<p class=\"has-small-font-size\"><strong>Localisation et r\u00e9sum\u00e9 historique<\/strong><br>Le site de Las Herrizas, qui domine le lac de barrage du R\u00edo Barbate, dans le sud de la commune d\u2019Alcal\u00e1 de los Gazules (C\u00e1diz). Difficile d\u2019acc\u00e8s, il \u00e9tait rest\u00e9 presque totalement inconnu jusqu\u2019au d\u00e9marrage de ce projet en 2024. Tr\u00e8s rapidement, il a \u00e9t\u00e9 rapproch\u00e9 de l\u2019oppidum de Bailo (La Silla del Papa, Tarifa), situ\u00e9 30 km plus au sud sur la c\u00f4te du d\u00e9troit de Gibraltar. Dans les deux cas, l\u2019occupation s\u2019organise autour d\u2019un affleurement lin\u00e9aire de roche tendre dans lequel s\u2019ancrait un habitat semi-rupestre. Deuxi\u00e8me point commun, l\u2019apog\u00e9e des deux \u00e9tablissements se situe \u00e0 l\u2019\u00e9poque r\u00e9publicaine (IIe et Ier si\u00e8cles a.C.) et ils sont abandonn\u00e9s \u00e0 l\u2019\u00e9poque d\u2019Auguste. Avec une superficie ne d\u00e9passant pas un hectare et demi, Las Herrizas \u00e9tait une agglom\u00e9ration secondaire qui, selon toute probabilit\u00e9, appartenait au territoire de la cit\u00e9 de Lascuta, d\u2019o\u00f9 un troisi\u00e8me point commun&nbsp;: Lascuta faisait partie avec Bailo d\u2019un petit groupe de cit\u00e9s qui frapp\u00e8rent \u00e0 l\u2019\u00e9poque r\u00e9publicaine des monnaies dites \u00ab&nbsp;libyo-ph\u00e9niciennes&nbsp;\u00bb, \u00e0 l\u00e9gende bilingue latine et n\u00e9opunique.<\/p>\n\n\n\n<p class=\"has-small-font-size\"><strong>Historique des recherches<\/strong><br>Le site de Las Herrizas a \u00e9t\u00e9 d\u00e9couvert par un voyageur suisse \u00e0 la fin des ann\u00e9es 1950, avant de tomber dans l\u2019oubli pendant plus d\u2019un demi-si\u00e8cle. Des prospections p\u00e9destres r\u00e9alis\u00e9es en octobre 2024 ont confirm\u00e9 le potentiel du site, avec la d\u00e9couverte d\u2019un riche mobilier c\u00e9ramique (c\u00e9ramiques fines et amphores). Ce mobilier a permis de poser les premiers jalons chronologiques de l\u2019occupation du site, entre le Ier \u00e2ge du Fer et l\u2019\u00e9poque august\u00e9enne. Une deuxi\u00e8me op\u00e9ration, r\u00e9alis\u00e9e en juin 2025, a eu pour but de r\u00e9aliser des prospections g\u00e9ophysiques.<\/p>\n\n\n\n<div class=\"wp-block-separator has-alpha-channel-opacity is-style-wide\" style=\"margin-top:var(--wp--preset--spacing--60);margin-bottom:var(--wp--preset--spacing--60)\"><\/div>\n\n\n\n<div class=\"wp-block-columns is-layout-flex wp-container-core-columns-is-layout-9d6595d7 wp-block-columns-is-layout-flex\">\n<div class=\"wp-block-column is-layout-flow wp-block-column-is-layout-flow\">\n<p class=\"has-small-font-size\"><strong>Partenaires<\/strong> <br>Casa de Vel\u00e1zquez<br>UMR 5608, Traces (CNRS \u2013 Universit\u00e9 Toulouse Jean\u2011Jaur\u00e8s)<br>Universidad de M\u00e1laga<br>Universidad de C\u00e1diz<\/p>\n<\/div>\n\n\n\n<div class=\"wp-block-column is-layout-flow wp-block-column-is-layout-flow\"><\/div>\n\n\n\n<div class=\"wp-block-column is-layout-flow wp-block-column-is-layout-flow\">\n<p class=\"has-theme-palette-11-color has-text-color has-link-color has-small-font-size wp-elements-5c7791ce1c600f31136012e4acc76512\"><strong>Liens<\/strong> :<br><a href=\"https:\/\/www.casadevelazquez.org\/recherche-scientifique\/fouilles-archeologiques\/las-herrizas-alcala-de-los-gazules-cadiz\/presentation-et-objectifs\" target=\"_blank\" rel=\"noreferrer noopener\">Fouilles arch\u00e9ologiques de la Casa de Vel\u00e1zquez<\/a><\/p>\n<\/div>\n<\/div>\n\n\n\n<div class=\"wp-block-separator has-alpha-channel-opacity is-style-wide\" style=\"margin-top:var(--wp--preset--spacing--60);margin-bottom:var(--wp--preset--spacing--60)\"><\/div>\n\n\n\n<h2 class=\"wp-block-heading\">Campagnes <\/h2>\n\n\n<ul style=\"padding-top:0;padding-bottom:0;padding-left:0;padding-right:0;\" class=\"wp-block-latest-posts__list is-grid columns-4 has-link-color wp-elements-16710267c122da87e082ba6ca618bb7e wp-block-latest-posts has-text-color has-theme-palette-12-color has-small-font-size\"><li><div class=\"wp-block-latest-posts__featured-image\"><a href=\"https:\/\/eveha-international.com\/?p=3365\" aria-label=\"Las Herrizas \u2013 2025\"><img loading=\"lazy\" decoding=\"async\" width=\"980\" height=\"588\" src=\"https:\/\/eveha-international.com\/wp-content\/uploads\/2026\/01\/las-herrizas-header-2025-1024x614.jpg\" class=\"attachment-large size-large wp-post-image\" alt=\"\" style=\"\" srcset=\"https:\/\/eveha-international.com\/wp-content\/uploads\/2026\/01\/las-herrizas-header-2025-1024x614.jpg 1024w, https:\/\/eveha-international.com\/wp-content\/uploads\/2026\/01\/las-herrizas-header-2025-300x180.jpg 300w, https:\/\/eveha-international.com\/wp-content\/uploads\/2026\/01\/las-herrizas-header-2025-768x461.jpg 768w, https:\/\/eveha-international.com\/wp-content\/uploads\/2026\/01\/las-herrizas-header-2025-1536x922.jpg 1536w, https:\/\/eveha-international.com\/wp-content\/uploads\/2026\/01\/las-herrizas-header-2025.jpg 2000w\" sizes=\"auto, (max-width: 980px) 100vw, 980px\" \/><\/a><\/div><a class=\"wp-block-latest-posts__post-title\" href=\"https:\/\/eveha-international.com\/?p=3365\">Las Herrizas \u2013 2025<\/a><\/li>\n<\/ul>","protected":false},"excerpt":{"rendered":"<p>Le site de Las Herrizas est situ\u00e9 au sud de la commune d\u2019Alcal\u00e1 de los Gazules (C\u00e1diz, Espagne). Il s\u2019agit d\u2019un \u00e9tablissement organis\u00e9 autour d\u2019un affleurement de roche tendre, dans lequel s\u2019ancrait un habitat semi-rupestre, vraisemblablement occup\u00e9 entre l\u2019\u00e9poque archa\u00efque et la fin de l\u2019\u00e9poque r\u00e9publicaine. DirectionBartolom\u00e9 Mora Serrano&nbsp;(Universidad de M\u00e1laga)Pierre Moret&nbsp;(UMR 5608 \u2013 TRACES)&#8230;<\/p>\n","protected":false},"author":4,"featured_media":3359,"parent":7,"menu_order":0,"comment_status":"closed","ping_status":"closed","template":"","meta":{"inline_featured_image":false,"_kad_post_transparent":"","_kad_post_title":"","_kad_post_layout":"","_kad_post_sidebar_id":"","_kad_post_content_style":"","_kad_post_vertical_padding":"","_kad_post_feature":"","_kad_post_feature_position":"","_kad_post_header":false,"_kad_post_footer":false,"_kad_post_classname":"","footnotes":""},"class_list":["post-3357","page","type-page","status-publish","has-post-thumbnail","hentry"],"_links":{"self":[{"href":"https:\/\/eveha-international.com\/index.php?rest_route=\/wp\/v2\/pages\/3357","targetHints":{"allow":["GET"]}}],"collection":[{"href":"https:\/\/eveha-international.com\/index.php?rest_route=\/wp\/v2\/pages"}],"about":[{"href":"https:\/\/eveha-international.com\/index.php?rest_route=\/wp\/v2\/types\/page"}],"author":[{"embeddable":true,"href":"https:\/\/eveha-international.com\/index.php?rest_route=\/wp\/v2\/users\/4"}],"replies":[{"embeddable":true,"href":"https:\/\/eveha-international.com\/index.php?rest_route=%2Fwp%2Fv2%2Fcomments&post=3357"}],"version-history":[{"count":14,"href":"https:\/\/eveha-international.com\/index.php?rest_route=\/wp\/v2\/pages\/3357\/revisions"}],"predecessor-version":[{"id":3629,"href":"https:\/\/eveha-international.com\/index.php?rest_route=\/wp\/v2\/pages\/3357\/revisions\/3629"}],"up":[{"embeddable":true,"href":"https:\/\/eveha-international.com\/index.php?rest_route=\/wp\/v2\/pages\/7"}],"wp:featuredmedia":[{"embeddable":true,"href":"https:\/\/eveha-international.com\/index.php?rest_route=\/wp\/v2\/media\/3359"}],"wp:attachment":[{"href":"https:\/\/eveha-international.com\/index.php?rest_route=%2Fwp%2Fv2%2Fmedia&parent=3357"}],"curies":[{"name":"wp","href":"https:\/\/api.w.org\/{rel}","templated":true}]}}