{"id":3619,"date":"2026-01-09T12:15:17","date_gmt":"2026-01-09T11:15:17","guid":{"rendered":"https:\/\/eveha-international.com\/?page_id=3619"},"modified":"2026-01-15T18:22:23","modified_gmt":"2026-01-15T17:22:23","slug":"silla-del-papa","status":"publish","type":"page","link":"https:\/\/eveha-international.com\/?page_id=3619","title":{"rendered":"Silla del Papa"},"content":{"rendered":"\n<p class=\"has-text-align-left has-small-font-size\">La Silla del Papa est un site de hauteur pr\u00e9romain situ\u00e9 au nord\u2011ouest de Tarifa (Espagne). <br>Cette agglom\u00e9ration a \u00e9t\u00e9 occup\u00e9e pendant tout l\u2019\u00e2ge du Fer, avant d\u2019\u00eatre abandonn\u00e9e vers 20 av. J.\u2011C. <br>Depuis 2007, plusieurs campagnes de fouille ont \u00e9t\u00e9 organis\u00e9es, sous la direction de Pierre Moret (UMR 5608-TRACES).<\/p>\n\n\n\n<div class=\"wp-block-separator has-alpha-channel-opacity is-style-wide\" style=\"margin-top:var(--wp--preset--spacing--40);margin-bottom:var(--wp--preset--spacing--40)\"><\/div>\n\n\n\n<div class=\"wp-block-columns is-layout-flex wp-container-core-columns-is-layout-9d6595d7 wp-block-columns-is-layout-flex\">\n<div class=\"wp-block-column is-layout-flow wp-block-column-is-layout-flow\">\n<h6 class=\"wp-block-heading has-theme-palette-12-color has-text-color has-link-color has-small-font-size wp-elements-3bab05cf145979f0fd99da5fbccf3e1e\">Direction<br><strong>Pierre Moret<\/strong>&nbsp;(UMR 5608 \u2013 TRACES)<br><strong>Jean-Marc Fabre<\/strong>&nbsp;(UMR 5608 \u2013 TRACES)<\/h6>\n<\/div>\n\n\n\n<div class=\"wp-block-column is-layout-flow wp-block-column-is-layout-flow\">\n<p class=\"has-small-font-size\"><strong>Participation d&rsquo;\u00c9veha<br><\/strong>Prestation en vue de l\u2019\u00e9tude du mobilier <br>c\u00e9ramique et amphorique <br>Collaboration dans la publication des r\u00e9sultats <br>des derni\u00e8res fouilles<\/p>\n<\/div>\n\n\n\n<div class=\"wp-block-column is-layout-flow wp-block-column-is-layout-flow\">\n<p class=\"has-small-font-size\"><strong>Localisation<\/strong> <br>Espagne<\/p>\n<\/div>\n<\/div>\n\n\n\n<div class=\"wp-block-separator has-text-color has-theme-palette-12-color has-alpha-channel-opacity has-theme-palette-12-background-color has-background is-style-wide\" style=\"margin-top:var(--wp--preset--spacing--60);margin-bottom:var(--wp--preset--spacing--60)\"><\/div>\n\n\n\n<p class=\"has-small-font-size\"><strong>Localisation et r\u00e9sum\u00e9 historique<\/strong><br>Site cl\u00e9 de la rive nord du d\u00e9troit de Gibraltar, l\u2019oppidum de Bailo \/ La Silla del Papa fut occup\u00e9 pendant tout le premier mill\u00e9naire avant notre \u00e8re, jusqu\u2019\u00e0 son abandon au d\u00e9but du r\u00e8gne d\u2019Auguste, date \u00e0 laquelle une nouvelle ville, qui prit plus tard le nom de Baelo Claudia, fut construite sur la c\u00f4te. Le site arch\u00e9ologique de la Silla del Papa se trouve \u00e0 4 km de la c\u00f4te, sur le point le plus \u00e9lev\u00e9 d\u2019une petite cha\u00eene c\u00f4ti\u00e8re qui constitue l\u2019un des principaux points de contr\u00f4le du d\u00e9troit \u00e0 l\u2019ouest de Tarifa. L\u2019organisation spatiale de l\u2019agglom\u00e9ration antique est conditionn\u00e9e par l\u2019existence de deux barres rocheuses parall\u00e8les, orient\u00e9es nord-sud, qui d\u00e9limitent un \u00e9troit couloir de 420 m de long. Des sondages ont montr\u00e9 que l\u2019ensemble du site avait \u00e9t\u00e9 occup\u00e9 \u00e0 partir du Premier \u00e2ge du Fer. L\u2019urbanisme de la Silla del Papa n\u2019est bien document\u00e9 que pour la derni\u00e8re phase d\u2019occupation du site, aux IIe et Ier si\u00e8cles avant notre \u00e8re. Un habitat dense se concentrait alors entre les deux lignes de cr\u00eate qui \u00e9taient compl\u00e9t\u00e9es et rehauss\u00e9es par une enceinte fortifi\u00e9e. Mais la zone occup\u00e9e s\u2019\u00e9tendait extra-muros sur une dizaine d\u2019hectares en tout. En dehors de l\u2019agglom\u00e9ration fortifi\u00e9e, deux n\u00e9cropoles ont \u00e9t\u00e9 d\u00e9couvertes et partiellement fouill\u00e9es, l\u2019une au sud-ouest (Zone D), l\u2019autre au nord-ouest (Zone J). Toutes les deux pr\u00e9sentent des caract\u00e9ristiques communes tr\u00e8s originales. Les monuments en pierre de taille qui ont \u00e9t\u00e9 mis au jour avaient pour seule fonction la signalisation. Ils ne contiennent pas de s\u00e9pultures : les enterrements, dispos\u00e9s autour de ces monuments, sont constitu\u00e9s par des urnes cin\u00e9raires d\u00e9pos\u00e9es en pleine terre. Bien apr\u00e8s l\u2019abandon du site, une \u00e9glise a \u00e9t\u00e9 install\u00e9 durant le haut Moyen \u00c2ge sur l\u2019emplacement de la n\u00e9cropole sud-ouest. La fouille de cette \u00e9glise, abandonn\u00e9e d\u00e8s le VIIIe si\u00e8cle de notre \u00e8re, a permis de retracer l\u2019histoire d\u2019un lieu de culte chr\u00e9tien entre l\u2019\u00e9poque wisigothique et l\u2019\u00e9poque \u00e9mirale. Les r\u00e9sultats des campagnes de fouille sur les deux n\u00e9cropoles font l\u2019objet de plusieurs publications, dont une monographie de synth\u00e8se. Dans le cadre des collaborations engag\u00e9es entre \u00c9veha International et l\u2019\u00e9quipe de Pierre Moret, l\u2019amphorologue Max Luaces (\u00c9veha) participe \u00e0 l\u2019\u00e9tude et \u00e0 la publication du mobilier c\u00e9ramique du site.<\/p>\n\n\n\n<p class=\"has-small-font-size\"><strong>Historique des recherches<\/strong><br>Le site de la Silla del Papa est connu depuis le d\u00e9but du XXe si\u00e8cle, mais son exploration arch\u00e9ologique n\u2019a commenc\u00e9 qu\u2019en 2007, avec la mise en place des premiers programmes de recherche sous la direction du Pr. Pierre Moret (UMR 5608-TRACES). Les op\u00e9rations de terrain ont pris de l\u2019ampleur \u00e0 partir de 2014, gr\u00e2ce \u00e0 l\u2019appui de l\u2019ANR (programme franco-allemand ARCHEOSTRAITS, 2014-2018), le minist\u00e8re des Affaires \u00e9trang\u00e8res, la Casa de Vel\u00e1zquez, l\u2019UMR TRACES 5608 (CNRS \u2013 universit\u00e9 de Toulouse), l\u2019universit\u00e9 d\u2019Alicante, l\u2019universit\u00e9 de S\u00e9ville et le Conjunto Arqueol\u00f3gico de Baelo Claudia. Depuis 2017, plusieurs campagnes de fouille se sont concentr\u00e9es sur les deux n\u00e9cropoles mise au jour. Ces fouilles ont permis de mettre au jour plusieurs monuments fun\u00e9raires, et surtout de nombreuses urnes cin\u00e9raires associ\u00e9es \u00e0 ces monuments.<\/p>\n\n\n\n<div class=\"wp-block-separator has-alpha-channel-opacity is-style-wide\" style=\"margin-top:var(--wp--preset--spacing--60);margin-bottom:var(--wp--preset--spacing--60)\"><\/div>\n\n\n\n<div class=\"wp-block-columns is-layout-flex wp-container-core-columns-is-layout-9d6595d7 wp-block-columns-is-layout-flex\">\n<div class=\"wp-block-column is-layout-flow wp-block-column-is-layout-flow\">\n<p class=\"has-small-font-size\"><strong>Partenaires<\/strong> <br>Conjunto arqueol\u00f3gico de Baelo Claudia<br>Casa de Vel\u00e1zquez<br>UMR 5608, Traces (CNRS \u2013 Universit\u00e9 Toulouse Jean\u2011Jaur\u00e8s)<br>Universit\u00e9 d\u2019Alicante<br>Universit\u00e9 de S\u00e9ville<\/p>\n<\/div>\n\n\n\n<div class=\"wp-block-column is-layout-flow wp-block-column-is-layout-flow\"><\/div>\n\n\n\n<div class=\"wp-block-column is-layout-flow wp-block-column-is-layout-flow\">\n<p class=\"has-theme-palette-11-color has-text-color has-link-color has-small-font-size wp-elements-74c0d837e64c4bd319bcc6af98a57f56\"><strong>Liens<\/strong> :<br><a href=\"https:\/\/archeocvz.hypotheses.org\/category\/programmes-pluriannuels\/la-silla-del-papa-tarifa-cadiz\" target=\"_blank\" rel=\"noreferrer noopener\">Arch\u00e9o-CVZ, carnet des fouilles arch\u00e9ologiques de la Casa de Vel\u00e1zquez<\/a><br><br><a href=\"https:\/\/blogs.univ-tlse2.fr\/archeostraits\/\" target=\"_blank\" rel=\"noreferrer noopener\">Archeostraits Arch\u00e9ologie protohistorique du d\u00e9troit de Gibraltar<\/a><\/p>\n<\/div>\n<\/div>\n\n\n\n<div class=\"wp-block-separator has-alpha-channel-opacity is-style-wide\" style=\"margin-top:var(--wp--preset--spacing--60);margin-bottom:var(--wp--preset--spacing--60)\"><\/div>\n\n\n\n<h2 class=\"wp-block-heading\">Campagnes <\/h2>\n\n\n<ul style=\"padding-top:0;padding-bottom:0;padding-left:0;padding-right:0;\" class=\"wp-block-latest-posts__list is-grid columns-4 has-link-color wp-elements-21747cfe00a0fb5666cc28d539301d7f wp-block-latest-posts has-text-color has-theme-palette-12-color has-small-font-size\"><li><div class=\"wp-block-latest-posts__featured-image\"><a href=\"https:\/\/eveha-international.com\/?p=3622\" aria-label=\"Silla del Papa &#8211; 2024\"><img loading=\"lazy\" decoding=\"async\" width=\"980\" height=\"781\" src=\"https:\/\/eveha-international.com\/wp-content\/uploads\/2026\/01\/fig.-3-Urnes-Bat-D6-1024x816-1.jpg\" class=\"attachment-large size-large wp-post-image\" alt=\"\" style=\"\" srcset=\"https:\/\/eveha-international.com\/wp-content\/uploads\/2026\/01\/fig.-3-Urnes-Bat-D6-1024x816-1.jpg 1024w, https:\/\/eveha-international.com\/wp-content\/uploads\/2026\/01\/fig.-3-Urnes-Bat-D6-1024x816-1-300x239.jpg 300w, https:\/\/eveha-international.com\/wp-content\/uploads\/2026\/01\/fig.-3-Urnes-Bat-D6-1024x816-1-768x612.jpg 768w\" sizes=\"auto, (max-width: 980px) 100vw, 980px\" \/><\/a><\/div><a class=\"wp-block-latest-posts__post-title\" href=\"https:\/\/eveha-international.com\/?p=3622\">Silla del Papa &#8211; 2024<\/a><\/li>\n<\/ul>","protected":false},"excerpt":{"rendered":"<p>La Silla del Papa est un site de hauteur pr\u00e9romain situ\u00e9 au nord\u2011ouest de Tarifa (Espagne). Cette agglom\u00e9ration a \u00e9t\u00e9 occup\u00e9e pendant tout l\u2019\u00e2ge du Fer, avant d\u2019\u00eatre abandonn\u00e9e vers 20 av. J.\u2011C. Depuis 2007, plusieurs campagnes de fouille ont \u00e9t\u00e9 organis\u00e9es, sous la direction de Pierre Moret (UMR 5608-TRACES). DirectionPierre Moret&nbsp;(UMR 5608 \u2013 TRACES)Jean-Marc&#8230;<\/p>\n","protected":false},"author":4,"featured_media":3620,"parent":7,"menu_order":0,"comment_status":"closed","ping_status":"closed","template":"","meta":{"inline_featured_image":false,"_kad_post_transparent":"","_kad_post_title":"","_kad_post_layout":"","_kad_post_sidebar_id":"","_kad_post_content_style":"","_kad_post_vertical_padding":"","_kad_post_feature":"","_kad_post_feature_position":"","_kad_post_header":false,"_kad_post_footer":false,"_kad_post_classname":"","footnotes":""},"class_list":["post-3619","page","type-page","status-publish","has-post-thumbnail","hentry"],"_links":{"self":[{"href":"https:\/\/eveha-international.com\/index.php?rest_route=\/wp\/v2\/pages\/3619","targetHints":{"allow":["GET"]}}],"collection":[{"href":"https:\/\/eveha-international.com\/index.php?rest_route=\/wp\/v2\/pages"}],"about":[{"href":"https:\/\/eveha-international.com\/index.php?rest_route=\/wp\/v2\/types\/page"}],"author":[{"embeddable":true,"href":"https:\/\/eveha-international.com\/index.php?rest_route=\/wp\/v2\/users\/4"}],"replies":[{"embeddable":true,"href":"https:\/\/eveha-international.com\/index.php?rest_route=%2Fwp%2Fv2%2Fcomments&post=3619"}],"version-history":[{"count":2,"href":"https:\/\/eveha-international.com\/index.php?rest_route=\/wp\/v2\/pages\/3619\/revisions"}],"predecessor-version":[{"id":3630,"href":"https:\/\/eveha-international.com\/index.php?rest_route=\/wp\/v2\/pages\/3619\/revisions\/3630"}],"up":[{"embeddable":true,"href":"https:\/\/eveha-international.com\/index.php?rest_route=\/wp\/v2\/pages\/7"}],"wp:featuredmedia":[{"embeddable":true,"href":"https:\/\/eveha-international.com\/index.php?rest_route=\/wp\/v2\/media\/3620"}],"wp:attachment":[{"href":"https:\/\/eveha-international.com\/index.php?rest_route=%2Fwp%2Fv2%2Fmedia&parent=3619"}],"curies":[{"name":"wp","href":"https:\/\/api.w.org\/{rel}","templated":true}]}}