{"id":3685,"date":"2026-01-13T14:54:37","date_gmt":"2026-01-13T13:54:37","guid":{"rendered":"https:\/\/eveha-international.com\/?page_id=3685"},"modified":"2026-01-13T15:01:40","modified_gmt":"2026-01-13T14:01:40","slug":"tell-keila","status":"publish","type":"page","link":"https:\/\/eveha-international.com\/?page_id=3685","title":{"rendered":"Tell Keila"},"content":{"rendered":"\n<p class=\"has-text-align-left has-small-font-size\">Tell Keila, habit\u00e9 depuis l\u2019\u00e2ge du Bronze jusqu\u2019au milieu du XX\u00e8 s., est \u00e9tudi\u00e9 depuis 2015 par une mission de l\u2019Universit\u00e9 de Montpellier 3 <br>(Sylvie Bl\u00e9try, mission de l\u2019EA 4424 CRISES, puis du Labex Archim\u00e8de et du Minist\u00e8re de l\u2019Europe et des Affaires \u00e9trang\u00e8res)<\/p>\n\n\n\n<div class=\"wp-block-separator has-alpha-channel-opacity is-style-wide\" style=\"margin-top:var(--wp--preset--spacing--40);margin-bottom:var(--wp--preset--spacing--40)\"><\/div>\n\n\n\n<div class=\"wp-block-columns is-layout-flex wp-container-core-columns-is-layout-9d6595d7 wp-block-columns-is-layout-flex\">\n<div class=\"wp-block-column is-layout-flow wp-block-column-is-layout-flow\">\n<h6 class=\"wp-block-heading has-theme-palette-12-color has-text-color has-link-color has-small-font-size wp-elements-9ea1d735bfba1d948472a17f25db34cc\">Direction<br><strong>Sylvie Bl\u00e9try<\/strong>\u00a0(Universit\u00e9 de Montpellier 3, Labex Archim\u00e8de et Minist\u00e8re de l\u2019Europe et des Affaires \u00e9trang\u00e8res)<\/h6>\n<\/div>\n\n\n\n<div class=\"wp-block-column is-layout-flow wp-block-column-is-layout-flow\">\n<p class=\"has-small-font-size\"><strong>Participation d&rsquo;\u00c9veha<br><\/strong>Fouille Photogramm\u00e9trie <br>Co-direction d&rsquo;un secteur<\/p>\n<\/div>\n\n\n\n<div class=\"wp-block-column is-layout-flow wp-block-column-is-layout-flow\">\n<p class=\"has-small-font-size\"><strong>Localisation<\/strong> <br>Territoires Palestiniens<\/p>\n<\/div>\n<\/div>\n\n\n\n<div class=\"wp-block-separator has-text-color has-theme-palette-12-color has-alpha-channel-opacity has-theme-palette-12-background-color has-background is-style-wide\" style=\"margin-top:var(--wp--preset--spacing--60);margin-bottom:var(--wp--preset--spacing--60)\"><\/div>\n\n\n\n<p class=\"has-small-font-size\"><strong>Localisation et r\u00e9sum\u00e9 historique<\/strong><br>Tell Keila est situ\u00e9 dans le Gouvernorat d\u2019H\u00e9bron, dans les Territoires Palestiniens et fait partie des faubourgs ruraux de la petite ville de Beit Ula). Il recouvre une surface d\u2019une dizaine d\u2019hectares, sans compter les zones de n\u00e9cropoles.<br>Le site est identifi\u00e9 avec la Qiltu des Lettres de Tell Amarna, puis avec la Q\u00e9\u00efla de l\u2019Ancien Testament (trois r\u00e9f\u00e9rences), mentionn\u00e9 aussi dans deux manuscrits de Qumr\u00e2n. Il est encore connu sous les noms de Killa\/Ech\u00e9la aux \u00e9poques romaine (Flavius Jos\u00e8phe) et protobyzantine (Eus\u00e8be de C\u00e9sar\u00e9e, Sozom\u00e8ne). Il a \u00e9t\u00e9 prospect\u00e9 depuis le XIXe s. jusqu\u2019\u00e0 r\u00e9cemment, mais n\u2019avait jamais \u00e9t\u00e9 fouill\u00e9. La longue p\u00e9riode de son occupation en fait un site particuli\u00e8rement int\u00e9ressant pour en saisir l\u2019\u00e9volution ainsi que les multiples influences (canan\u00e9enne, jud\u00e9enne, chr\u00e9tienne, mamelouque) dont nous avons les t\u00e9moignages.<\/p>\n\n\n\n<p class=\"has-small-font-size\"><strong>Historique des recherches<\/strong><br>La mission de l\u2019Universit\u00e9 de Montpellier 3, sous l\u2019\u00e9gide de la Direction des Antiquit\u00e9s de Palestine, s\u2019est attach\u00e9e \u00e0 en dresser le plan topographique et \u00e0 l\u2019enrichir au cours des ann\u00e9es \u00e0 travers la prospection de ses n\u00e9cropoles (une cinquantaine de tombes, creus\u00e9es de l\u2019\u00e2ge du Bronze \u00e0 la p\u00e9riode romaine), des sondages ponctuels, et de la fouille de plusieurs secteurs. Tous \u00e9taient destin\u00e9s \u00e0 documenter les diverses p\u00e9riodes d\u2019habitat, d\u2019exploitation agricole, d\u2019activit\u00e9s religieuses ou fun\u00e9raires du site.<br>Il a \u00e9t\u00e9 possible de reconna\u00eetre le trac\u00e9, quasiment sur tout le pourtour du Tell, d\u2019un mur de fortification de blocs de moyen appareil de l\u2019\u00e2ge du Bronze, consolid\u00e9 \u00e0 l\u2019\u00e2ge du Fer par un glacis de pierres de tout venant, et de confirmer la pr\u00e9sence, contre le mur d\u2019une tour monumentale qui semble \u00eatre unique. Les zones de n\u00e9cropole attestent d\u2019une occupation aux m\u00eames p\u00e9riodes.<br>Les p\u00e9riodes hell\u00e9nistique et romaines sont illustr\u00e9es par la r\u00e9utilisation de certaines tombes, (et, pour certaines d\u2019entre elles, encore \u00e0 la l\u2019\u00e9poque protobyzantine). La d\u00e9couverte rare d\u2019un autel inscrit en latin atteste la pr\u00e9sence romaine, ainsi que celle d\u2019un b\u00e2timent d\u2019exploitation rurale sur les pentes cultivables du Tell, confort\u00e9e par plusieurs pressoirs \u00e0 vin ou \u00e0 olives.<br>Vers le Ve si\u00e8cle., une \u00e9glise pal\u00e9ochr\u00e9tienne pav\u00e9e de mosa\u00efque est implant\u00e9e au Sud-est du plateau sommital, dot\u00e9e d\u2019un baptist\u00e8re. Elle est recouverte par un nouveau sol, dot\u00e9 de mosa\u00efques plus \u00e9labor\u00e9es, au cours d\u2019un \u00e9tat post\u00e9rieur aux VIe- VIIe si\u00e8cle. Pour l\u2019une comme pour l\u2019autre p\u00e9riode, des d\u00e9dicaces au sol manifestent la vigueur du culte chr\u00e9tien.<br>L\u2019\u00e9glise est recouverte \u00e0 l\u2019\u00e9poque mamelouque par un nouvel habitat, r\u00e9v\u00e9l\u00e9 par des traces architecturales plus t\u00e9nues mais bien attest\u00e9es par de nombreuses c\u00e9ramiques des XIIIe- XIVe si\u00e8cles. Des spolia, comme des fragments de colonnes portant des chapiteaux inscrits de croix patt\u00e9es, servent au comblement des vestiges de l\u2019\u00e9glise pr\u00e9liminaire \u00e0 l\u2019\u00e9tablissement du b\u00e2timent m\u00e9di\u00e9val.<\/p>\n\n\n\n<div class=\"wp-block-separator has-alpha-channel-opacity is-style-wide\" style=\"margin-top:var(--wp--preset--spacing--60);margin-bottom:var(--wp--preset--spacing--60)\"><\/div>\n\n\n\n<h2 class=\"wp-block-heading\">Campagnes <\/h2>\n\n\n<ul style=\"padding-top:0;padding-bottom:0;padding-left:0;padding-right:0;\" class=\"wp-block-latest-posts__list is-grid columns-4 has-link-color wp-elements-4c5274bee091e6e4080c690dbe438873 wp-block-latest-posts has-text-color has-theme-palette-12-color has-small-font-size\"><li><div class=\"wp-block-latest-posts__featured-image\"><a href=\"https:\/\/eveha-international.com\/?p=2641\" aria-label=\"Tell Keila &#8211; 2022\"><img loading=\"lazy\" decoding=\"async\" width=\"770\" height=\"485\" src=\"https:\/\/eveha-international.com\/wp-content\/uploads\/2023\/03\/keila_small_2022.jpg\" class=\"attachment-large size-large wp-post-image\" alt=\"\" style=\"\" srcset=\"https:\/\/eveha-international.com\/wp-content\/uploads\/2023\/03\/keila_small_2022.jpg 770w, https:\/\/eveha-international.com\/wp-content\/uploads\/2023\/03\/keila_small_2022-300x189.jpg 300w, https:\/\/eveha-international.com\/wp-content\/uploads\/2023\/03\/keila_small_2022-768x484.jpg 768w\" sizes=\"auto, (max-width: 770px) 100vw, 770px\" \/><\/a><\/div><a class=\"wp-block-latest-posts__post-title\" href=\"https:\/\/eveha-international.com\/?p=2641\">Tell Keila &#8211; 2022<\/a><\/li>\n<\/ul>","protected":false},"excerpt":{"rendered":"<p>Tell Keila, habit\u00e9 depuis l\u2019\u00e2ge du Bronze jusqu\u2019au milieu du XX\u00e8 s., est \u00e9tudi\u00e9 depuis 2015 par une mission de l\u2019Universit\u00e9 de Montpellier 3 (Sylvie Bl\u00e9try, mission de l\u2019EA 4424 CRISES, puis du Labex Archim\u00e8de et du Minist\u00e8re de l\u2019Europe et des Affaires \u00e9trang\u00e8res) DirectionSylvie Bl\u00e9try\u00a0(Universit\u00e9 de Montpellier 3, Labex Archim\u00e8de et Minist\u00e8re de l\u2019Europe&#8230;<\/p>\n","protected":false},"author":4,"featured_media":3686,"parent":7,"menu_order":0,"comment_status":"closed","ping_status":"closed","template":"","meta":{"inline_featured_image":false,"_kad_post_transparent":"","_kad_post_title":"","_kad_post_layout":"","_kad_post_sidebar_id":"","_kad_post_content_style":"","_kad_post_vertical_padding":"","_kad_post_feature":"","_kad_post_feature_position":"","_kad_post_header":false,"_kad_post_footer":false,"_kad_post_classname":"","footnotes":""},"class_list":["post-3685","page","type-page","status-publish","has-post-thumbnail","hentry"],"_links":{"self":[{"href":"https:\/\/eveha-international.com\/index.php?rest_route=\/wp\/v2\/pages\/3685","targetHints":{"allow":["GET"]}}],"collection":[{"href":"https:\/\/eveha-international.com\/index.php?rest_route=\/wp\/v2\/pages"}],"about":[{"href":"https:\/\/eveha-international.com\/index.php?rest_route=\/wp\/v2\/types\/page"}],"author":[{"embeddable":true,"href":"https:\/\/eveha-international.com\/index.php?rest_route=\/wp\/v2\/users\/4"}],"replies":[{"embeddable":true,"href":"https:\/\/eveha-international.com\/index.php?rest_route=%2Fwp%2Fv2%2Fcomments&post=3685"}],"version-history":[{"count":2,"href":"https:\/\/eveha-international.com\/index.php?rest_route=\/wp\/v2\/pages\/3685\/revisions"}],"predecessor-version":[{"id":3689,"href":"https:\/\/eveha-international.com\/index.php?rest_route=\/wp\/v2\/pages\/3685\/revisions\/3689"}],"up":[{"embeddable":true,"href":"https:\/\/eveha-international.com\/index.php?rest_route=\/wp\/v2\/pages\/7"}],"wp:featuredmedia":[{"embeddable":true,"href":"https:\/\/eveha-international.com\/index.php?rest_route=\/wp\/v2\/media\/3686"}],"wp:attachment":[{"href":"https:\/\/eveha-international.com\/index.php?rest_route=%2Fwp%2Fv2%2Fmedia&parent=3685"}],"curies":[{"name":"wp","href":"https:\/\/api.w.org\/{rel}","templated":true}]}}