{"id":3697,"date":"2026-01-13T15:41:35","date_gmt":"2026-01-13T14:41:35","guid":{"rendered":"https:\/\/eveha-international.com\/?page_id=3697"},"modified":"2026-01-13T15:43:33","modified_gmt":"2026-01-13T14:43:33","slug":"ile-de-sai","status":"publish","type":"page","link":"https:\/\/eveha-international.com\/?page_id=3697","title":{"rendered":"\u00cele de Sa\u00ef"},"content":{"rendered":"\n<p class=\"has-text-align-left has-small-font-size\">L&rsquo;\u00eele de Sa\u00ef conserve d&rsquo;innombrables vestiges arch\u00e9ologiques t\u00e9moignant d&rsquo;occupations humaines du Pal\u00e9olithique \u00e0 l&rsquo;\u00e9poque moderne. <br>Depuis les ann\u00e9es 1950, des \u00e9quipes d&rsquo;arch\u00e9ologues fran\u00e7ais contribuent \u00e0 leur \u00e9tude. Sous la direction de Vincent Francigny (CNRS, UMR 8167 Orient &amp; M\u00e9diterran\u00e9e) depuis 2015, la mission actuelle porte principalement sur la ville fortifi\u00e9e d&rsquo;\u00e9poque pharaonique et sur plusieurs n\u00e9cropoles m\u00e9ro\u00eftiques.\u00a0<\/p>\n\n\n\n<div class=\"wp-block-separator has-alpha-channel-opacity is-style-wide\" style=\"margin-top:var(--wp--preset--spacing--40);margin-bottom:var(--wp--preset--spacing--40)\"><\/div>\n\n\n\n<div class=\"wp-block-columns is-layout-flex wp-container-core-columns-is-layout-9d6595d7 wp-block-columns-is-layout-flex\">\n<div class=\"wp-block-column is-layout-flow wp-block-column-is-layout-flow\">\n<h6 class=\"wp-block-heading has-theme-palette-12-color has-text-color has-link-color has-small-font-size wp-elements-a295d7b0ea248ee513f8af33533e16ed\">Direction<br><strong>Vincent Francigny<\/strong>\u00a0(CNRS, <br>UMR 8167 Orient &amp; M\u00e9diterran\u00e9e)<\/h6>\n<\/div>\n\n\n\n<div class=\"wp-block-column is-layout-flow wp-block-column-is-layout-flow\">\n<p class=\"has-small-font-size\"><strong>Participation d&rsquo;\u00c9veha<br><\/strong>Fouilles arch\u00e9ologiques <br>&amp; post-fouille<\/p>\n<\/div>\n\n\n\n<div class=\"wp-block-column is-layout-flow wp-block-column-is-layout-flow\">\n<p class=\"has-small-font-size\"><strong>Localisation<\/strong> <br>Soudan<\/p>\n<\/div>\n<\/div>\n\n\n\n<div class=\"wp-block-separator has-text-color has-theme-palette-12-color has-alpha-channel-opacity has-theme-palette-12-background-color has-background is-style-wide\" style=\"margin-top:var(--wp--preset--spacing--60);margin-bottom:var(--wp--preset--spacing--60)\"><\/div>\n\n\n\n<p class=\"has-small-font-size\"><strong>Localisation et r\u00e9sum\u00e9 historique<\/strong><br>L\u2019\u00eele de Sa\u00ef \u00e9merge du Nil dans le nord du Soudan, \u00e0 environ 200 kilom\u00e8tres de la fronti\u00e8re actuelle avec l\u2019\u00c9gypte, fronti\u00e8re qui n\u2019a gu\u00e8re \u00e9volu\u00e9 depuis cinq mill\u00e9naires. Par cette position strat\u00e9gique, l\u2019\u00eele a jou\u00e9 un r\u00f4le important dans l\u2019histoire de la Nubie. Elle abrite une multitude de vestiges arch\u00e9ologiques sur son territoire, qui s\u2019\u00e9tend sur 10 kilom\u00e8tres du nord au sud et sur 4 kilom\u00e8tres d\u2019ouest en est.<br>Les premi\u00e8res traces de pr\u00e9sence humaine remontent \u00e0 300 000 ans, et plusieurs niveaux d\u2019occupations pal\u00e9olithiques ont \u00e9t\u00e9 identifi\u00e9s. Le M\u00e9solithique et le N\u00e9olithique sont repr\u00e9sent\u00e9s par des sites d\u2019habitats.<br>La civilisation Kerma (2500 \u2013 1500 av. J.-C.) s\u2019illustre par une immense n\u00e9cropole tumulaire comportant plusieurs milliers de s\u00e9pultures, qui se d\u00e9veloppe d\u2019est en ouest dans la partie sud de l\u2019\u00eele. Certains des tumuli marquant les inhumations mesurent jusqu\u2019\u00e0 40 m\u00e8tres de diam\u00e8tre, indiquant la pr\u00e9sence d\u2019une importante \u00e9lite locale.<br>L\u2019\u00eele devient une colonie \u00e9gyptienne au d\u00e9but du Nouvel Empire (vers 1500 av. J.-C.). Une ville fortifi\u00e9e, comprenant un temple d\u00e9di\u00e9 au dieu Amon, est construite. Les repr\u00e9sentants de l\u2019administration \u00e9gyptienne se font enterrer sur l\u2019\u00eele, dans des s\u00e9pultures \u00e0 caveau collectif. Ces structures sont souvent r\u00e9utilis\u00e9es \u00e0 la p\u00e9riode napat\u00e9enne (d\u00e9but du VIII<sup>e<\/sup>\u2013 premi\u00e8re moiti\u00e9 du III<sup>e<\/sup>\u00a0si\u00e8cle av. J.-C.), p\u00e9riode qui est \u00e9galement document\u00e9e par un cimeti\u00e8re situ\u00e9 au sud-ouest de la ville.<br>Cinq n\u00e9cropoles d\u2019\u00e9poque m\u00e9ro\u00eftique (milieu du III<sup>e<\/sup>\u00a0si\u00e8cle av. J.-C. \u2013 milieu du III<sup>e<\/sup>\u00a0si\u00e8cle ap. J.-C.) ont \u00e9t\u00e9 identifi\u00e9es sur l\u2019\u00eele. Des blocs \u00e9pars t\u00e9moignent aussi de l\u2019existence d\u2019un temple \u00e9rig\u00e9 au I<sup>er<\/sup>\u00a0si\u00e8cle sous le r\u00e8gne du roi Natakamani et de la Candace Amanitor\u00e9. Son emplacement n\u2019a pas encore \u00e9t\u00e9 d\u00e9termin\u00e9.<br>La p\u00e9riode suivante, qualifi\u00e9e de \u201cpost-m\u00e9ro\u00eftique\u201d, a \u00e9galement livr\u00e9 des s\u00e9pultures. L\u2019\u00eele de Sa\u00ef devient un \u00e9v\u00each\u00e9 au milieu du VI<sup>e<\/sup>\u00a0si\u00e8cle et les ruines d\u2019une \u00e9glise et de b\u00e2timents annexes y sont encore visibles. Apr\u00e8s la p\u00e9riode chr\u00e9tienne, les Ottomans s\u2019installent sur l\u2019\u00eele, au XVI<sup>e<\/sup>\u00a0si\u00e8cle, et \u00e9tablissent une garnison dont les fortifications reposent sur les vestiges de la ville pharaonique.\u00a0<\/p>\n\n\n\n<p class=\"has-small-font-size\"><strong>Historique et probl\u00e9matique des recherches\u00a0<\/strong><br>Une mission arch\u00e9ologique fran\u00e7aise existe sur l\u2019\u00eele depuis 1954. Elle est d\u2019abord dirig\u00e9e par Jean Vercoutter, qui deviendra par la suite le premier directeur du service des antiquit\u00e9s du Soudan. Il r\u00e9alise, au cours de plusieurs campagnes, un important travail de d\u00e9gagement sur la ville pharaonique implant\u00e9e sur la c\u00f4te est de l\u2019\u00eele. Plusieurs missions fran\u00e7aises, int\u00e9grant parfois des collaborations internationales, ont depuis men\u00e9 des programmes de recherches portant sur diverses p\u00e9riodes.<br>La mission actuelle, dirig\u00e9e depuis 2015 par Vincent Francigny, concentre son travail de terrain sur la fouille de la ville pharaonique et m\u00e9di\u00e9vale et de deux n\u00e9cropoles \u00e9dilitaires m\u00e9ro\u00eftiques, tout en \u00e9tudiant et compl\u00e9tant les donn\u00e9es issues des d\u00e9cennies pr\u00e9c\u00e9dentes.<br>Parall\u00e8lement aux campagnes de fouilles arch\u00e9ologiques, un mus\u00e9e de site est en cours de construction. Il permettra aux habitants de l\u2019\u00eele et aux visiteurs de passage de d\u00e9couvrir l\u2019histoire de Sa\u00ef \u00e0 travers les \u00e2ges. Un important programme de protection des sites est \u00e9galement mis en place, afin de pr\u00e9server le patrimoine inestimable de Sa\u00ef.<\/p>\n\n\n\n<div class=\"wp-block-separator has-alpha-channel-opacity is-style-wide\" style=\"margin-top:var(--wp--preset--spacing--60);margin-bottom:var(--wp--preset--spacing--60)\"><\/div>\n\n\n\n<div class=\"wp-block-columns is-layout-flex wp-container-core-columns-is-layout-9d6595d7 wp-block-columns-is-layout-flex\">\n<div class=\"wp-block-column is-layout-flow wp-block-column-is-layout-flow\">\n<p class=\"has-small-font-size\" style=\"margin-top:0;margin-bottom:0;padding-top:0;padding-bottom:0\"><strong>Partenaires<\/strong> <br>Orient &amp; M\u00e9diterran\u00e9e (CNRS UMR 8167)\u00a0<\/p>\n\n\n\n<p class=\"has-theme-palette-11-color has-text-color has-link-color has-small-font-size wp-elements-c2c66e01adb16577c1d911b6e8fbf39e\" style=\"margin-top:0;margin-bottom:0;padding-top:0;padding-bottom:0\"><a href=\"https:\/\/www.orient-mediterranee.com\/\">https:\/\/www.orient-mediterranee.com\/<\/a><\/p>\n\n\n\n<p class=\"has-theme-palette-12-color has-text-color has-small-font-size\" style=\"margin-top:0;margin-bottom:0;padding-top:0;padding-bottom:0\">Section Fran\u00e7aise de la Direction des Antiquit\u00e9s du Soudan\u00a0<\/p>\n\n\n\n<p class=\"has-theme-palette-11-color has-text-color has-link-color has-small-font-size wp-elements-711e045784fd5fd2e8c7219e5dea2383\" style=\"margin-top:0;margin-bottom:0;padding-top:0;padding-bottom:0\"><a href=\"http:\/\/sfdas.com\/\">http:\/\/sfdas.com\/<\/a><\/p>\n\n\n\n<p class=\"has-theme-palette-12-color has-text-color has-small-font-size\" style=\"margin-top:0;margin-bottom:0;padding-top:0;padding-bottom:0\">National Corporation for Antiquities and Museums<br>Minist\u00e8re de l\u2019Europe et des Affaires \u00c9trang\u00e8res<br>Facult\u00e9 de m\u00e9decine de Marseille \u2013 Unit\u00e9 d\u2019anthropologie (CNRS UMR 7268 ADES)<br>University of Central Florida \u2013 Department of Anthropology <\/p>\n\n\n\n<p class=\"has-theme-palette-11-color has-text-color has-link-color has-small-font-size wp-elements-8d52494b427b7c019a4ed5dd75f97373\" style=\"margin-top:0;margin-bottom:0;padding-top:0;padding-bottom:0\"><a href=\"https:\/\/sciences.ucf.edu\/anthropology\/\">https:\/\/sciences.ucf.edu\/anthropology\/<\/a><\/p>\n<\/div>\n\n\n\n<div class=\"wp-block-column is-layout-flow wp-block-column-is-layout-flow\"><\/div>\n\n\n\n<div class=\"wp-block-column is-layout-flow wp-block-column-is-layout-flow\">\n<p class=\"has-theme-palette-11-color has-text-color has-link-color has-small-font-size wp-elements-4fcfa47dc8d458b36091714b97feca4b\"><strong>Liens<\/strong> :<br><a href=\"http:\/\/sfdas.com\/fouilles-et-prospections\/fouilles-programmees-de-la-sfdas\/article\/sai\" target=\"_blank\" rel=\"noreferrer noopener\">Pr\u00e9sentation sur le site de la SFDAS\u00a0<\/a><br><a href=\"https:\/\/archeologie.culture.fr\/fr\/a-propos\/sai-ile-coeur-nubie\" target=\"_blank\" rel=\"noreferrer noopener\">Pr\u00e9sentation sur le site archeologie.culture.fr<\/a><br><a href=\"https:\/\/cnrs.academia.edu\/VincentFrancigny\" target=\"_blank\" rel=\"noreferrer noopener\">Publications de Vincent Francigny<\/a><\/p>\n<\/div>\n<\/div>\n\n\n\n<div class=\"wp-block-separator has-alpha-channel-opacity is-style-wide\" style=\"margin-top:var(--wp--preset--spacing--60);margin-bottom:var(--wp--preset--spacing--60)\"><\/div>\n\n\n\n<h2 class=\"wp-block-heading\">Campagnes <\/h2>\n\n\n<ul style=\"padding-top:0;padding-bottom:0;padding-left:0;padding-right:0;\" class=\"wp-block-latest-posts__list is-grid columns-4 has-link-color wp-elements-37154dafda2506dc945f0b3404d0fd3f wp-block-latest-posts has-text-color has-theme-palette-12-color has-small-font-size\"><li><div class=\"wp-block-latest-posts__featured-image\"><a href=\"https:\/\/eveha-international.com\/?p=2439\" aria-label=\"\u00cele de Sa\u00ef &#8211; 2021\"><img loading=\"lazy\" decoding=\"async\" width=\"980\" height=\"243\" src=\"https:\/\/eveha-international.com\/wp-content\/uploads\/2022\/01\/sai_2021_header-1024x254.jpg\" class=\"attachment-large size-large wp-post-image\" alt=\"\" style=\"\" srcset=\"https:\/\/eveha-international.com\/wp-content\/uploads\/2022\/01\/sai_2021_header-1024x254.jpg 1024w, https:\/\/eveha-international.com\/wp-content\/uploads\/2022\/01\/sai_2021_header-300x74.jpg 300w, https:\/\/eveha-international.com\/wp-content\/uploads\/2022\/01\/sai_2021_header-768x190.jpg 768w, https:\/\/eveha-international.com\/wp-content\/uploads\/2022\/01\/sai_2021_header-1536x381.jpg 1536w, https:\/\/eveha-international.com\/wp-content\/uploads\/2022\/01\/sai_2021_header.jpg 2000w\" sizes=\"auto, (max-width: 980px) 100vw, 980px\" \/><\/a><\/div><a class=\"wp-block-latest-posts__post-title\" href=\"https:\/\/eveha-international.com\/?p=2439\">\u00cele de Sa\u00ef &#8211; 2021<\/a><\/li>\n<li><div class=\"wp-block-latest-posts__featured-image\"><a href=\"https:\/\/eveha-international.com\/?p=2604\" aria-label=\"\u00cele de Sa\u00ef &#8211; 2022\"><img loading=\"lazy\" decoding=\"async\" width=\"770\" height=\"496\" src=\"https:\/\/eveha-international.com\/wp-content\/uploads\/2023\/01\/header_sai_2022_small.jpg\" class=\"attachment-large size-large wp-post-image\" alt=\"\" style=\"\" srcset=\"https:\/\/eveha-international.com\/wp-content\/uploads\/2023\/01\/header_sai_2022_small.jpg 770w, https:\/\/eveha-international.com\/wp-content\/uploads\/2023\/01\/header_sai_2022_small-300x193.jpg 300w, https:\/\/eveha-international.com\/wp-content\/uploads\/2023\/01\/header_sai_2022_small-768x495.jpg 768w\" sizes=\"auto, (max-width: 770px) 100vw, 770px\" \/><\/a><\/div><a class=\"wp-block-latest-posts__post-title\" href=\"https:\/\/eveha-international.com\/?p=2604\">\u00cele de Sa\u00ef &#8211; 2022<\/a><\/li>\n<\/ul>","protected":false},"excerpt":{"rendered":"<p>L&rsquo;\u00eele de Sa\u00ef conserve d&rsquo;innombrables vestiges arch\u00e9ologiques t\u00e9moignant d&rsquo;occupations humaines du Pal\u00e9olithique \u00e0 l&rsquo;\u00e9poque moderne. Depuis les ann\u00e9es 1950, des \u00e9quipes d&rsquo;arch\u00e9ologues fran\u00e7ais contribuent \u00e0 leur \u00e9tude. Sous la direction de Vincent Francigny (CNRS, UMR 8167 Orient &amp; M\u00e9diterran\u00e9e) depuis 2015, la mission actuelle porte principalement sur la ville fortifi\u00e9e d&rsquo;\u00e9poque pharaonique et sur plusieurs&#8230;<\/p>\n","protected":false},"author":4,"featured_media":3698,"parent":7,"menu_order":0,"comment_status":"closed","ping_status":"closed","template":"","meta":{"inline_featured_image":false,"_kad_post_transparent":"","_kad_post_title":"","_kad_post_layout":"","_kad_post_sidebar_id":"","_kad_post_content_style":"","_kad_post_vertical_padding":"","_kad_post_feature":"","_kad_post_feature_position":"","_kad_post_header":false,"_kad_post_footer":false,"_kad_post_classname":"","footnotes":""},"class_list":["post-3697","page","type-page","status-publish","has-post-thumbnail","hentry"],"_links":{"self":[{"href":"https:\/\/eveha-international.com\/index.php?rest_route=\/wp\/v2\/pages\/3697","targetHints":{"allow":["GET"]}}],"collection":[{"href":"https:\/\/eveha-international.com\/index.php?rest_route=\/wp\/v2\/pages"}],"about":[{"href":"https:\/\/eveha-international.com\/index.php?rest_route=\/wp\/v2\/types\/page"}],"author":[{"embeddable":true,"href":"https:\/\/eveha-international.com\/index.php?rest_route=\/wp\/v2\/users\/4"}],"replies":[{"embeddable":true,"href":"https:\/\/eveha-international.com\/index.php?rest_route=%2Fwp%2Fv2%2Fcomments&post=3697"}],"version-history":[{"count":1,"href":"https:\/\/eveha-international.com\/index.php?rest_route=\/wp\/v2\/pages\/3697\/revisions"}],"predecessor-version":[{"id":3699,"href":"https:\/\/eveha-international.com\/index.php?rest_route=\/wp\/v2\/pages\/3697\/revisions\/3699"}],"up":[{"embeddable":true,"href":"https:\/\/eveha-international.com\/index.php?rest_route=\/wp\/v2\/pages\/7"}],"wp:featuredmedia":[{"embeddable":true,"href":"https:\/\/eveha-international.com\/index.php?rest_route=\/wp\/v2\/media\/3698"}],"wp:attachment":[{"href":"https:\/\/eveha-international.com\/index.php?rest_route=%2Fwp%2Fv2%2Fmedia&parent=3697"}],"curies":[{"name":"wp","href":"https:\/\/api.w.org\/{rel}","templated":true}]}}