{"id":3701,"date":"2026-01-13T15:48:49","date_gmt":"2026-01-13T14:48:49","guid":{"rendered":"https:\/\/eveha-international.com\/?page_id=3701"},"modified":"2026-01-13T15:52:30","modified_gmt":"2026-01-13T14:52:30","slug":"dadan","status":"publish","type":"page","link":"https:\/\/eveha-international.com\/?page_id=3701","title":{"rendered":"Dadan"},"content":{"rendered":"\n<p class=\"has-text-align-left has-small-font-size\">Implant\u00e9 dans le nord de l\u2019Arabie Saoudite, le site de Dadan fait l\u2019objet d\u2019un nouveau programme de recherche dirig\u00e9 par J\u00e9r\u00f4me Rohmer (CNRS-UMR 8167 Orient et M\u00e9diterran\u00e9e) et Abdulrahman Alsuhaibani (King Saud University-RCU).<\/p>\n\n\n\n<div class=\"wp-block-separator has-alpha-channel-opacity is-style-wide\" style=\"margin-top:var(--wp--preset--spacing--40);margin-bottom:var(--wp--preset--spacing--40)\"><\/div>\n\n\n\n<div class=\"wp-block-columns is-layout-flex wp-container-core-columns-is-layout-9d6595d7 wp-block-columns-is-layout-flex\">\n<div class=\"wp-block-column is-layout-flow wp-block-column-is-layout-flow\">\n<h6 class=\"wp-block-heading has-theme-palette-12-color has-text-color has-link-color has-small-font-size wp-elements-a6dcd08e4809579235b4da3304323fd6\">Direction<br><strong>J\u00e9r\u00f4me Rohmer&nbsp;<\/strong>(CNRS-UMR 8167 <br>Orient et M\u00e9diterran\u00e9e)<br><strong>Abdulrahman Alsuhaibani<\/strong>&nbsp;<br>(King Saud University-RCU)<\/h6>\n<\/div>\n\n\n\n<div class=\"wp-block-column is-layout-flow wp-block-column-is-layout-flow\">\n<p class=\"has-small-font-size\"><strong>Participation d&rsquo;\u00c9veha<br><\/strong>Fouilles arch\u00e9ologiques<\/p>\n<\/div>\n\n\n\n<div class=\"wp-block-column is-layout-flow wp-block-column-is-layout-flow\">\n<p class=\"has-small-font-size\"><strong>Localisation<\/strong> <br>Arabie Saoudite<\/p>\n<\/div>\n<\/div>\n\n\n\n<div class=\"wp-block-separator has-text-color has-theme-palette-12-color has-alpha-channel-opacity has-theme-palette-12-background-color has-background is-style-wide\" style=\"margin-top:var(--wp--preset--spacing--60);margin-bottom:var(--wp--preset--spacing--60)\"><\/div>\n\n\n\n<p class=\"has-small-font-size\">Les r\u00e9sultats de ce programme seront pr\u00e9sent\u00e9s ult\u00e9rieurement.<\/p>\n\n\n\n<div class=\"wp-block-separator has-alpha-channel-opacity is-style-wide\" style=\"margin-top:var(--wp--preset--spacing--60);margin-bottom:var(--wp--preset--spacing--60)\"><\/div>\n\n\n\n<h2 class=\"wp-block-heading\">Campagnes <\/h2>\n\n\n<ul style=\"padding-top:0;padding-bottom:0;padding-left:0;padding-right:0;\" class=\"wp-block-latest-posts__list is-grid columns-4 has-link-color wp-elements-2ae76f950efc16c0edce6890608d4275 wp-block-latest-posts has-text-color has-theme-palette-12-color has-small-font-size\"><\/ul>","protected":false},"excerpt":{"rendered":"<p>Implant\u00e9 dans le nord de l\u2019Arabie Saoudite, le site de Dadan fait l\u2019objet d\u2019un nouveau programme de recherche dirig\u00e9 par J\u00e9r\u00f4me Rohmer (CNRS-UMR 8167 Orient et M\u00e9diterran\u00e9e) et Abdulrahman Alsuhaibani (King Saud University-RCU). DirectionJ\u00e9r\u00f4me Rohmer&nbsp;(CNRS-UMR 8167 Orient et M\u00e9diterran\u00e9e)Abdulrahman Alsuhaibani&nbsp;(King Saud University-RCU) Participation d&rsquo;\u00c9vehaFouilles arch\u00e9ologiques Localisation Arabie Saoudite Les r\u00e9sultats de ce programme seront pr\u00e9sent\u00e9s&#8230;<\/p>\n","protected":false},"author":4,"featured_media":3702,"parent":7,"menu_order":0,"comment_status":"closed","ping_status":"closed","template":"","meta":{"inline_featured_image":false,"_kad_post_transparent":"","_kad_post_title":"","_kad_post_layout":"","_kad_post_sidebar_id":"","_kad_post_content_style":"","_kad_post_vertical_padding":"","_kad_post_feature":"","_kad_post_feature_position":"","_kad_post_header":false,"_kad_post_footer":false,"_kad_post_classname":"","footnotes":""},"class_list":["post-3701","page","type-page","status-publish","has-post-thumbnail","hentry"],"_links":{"self":[{"href":"https:\/\/eveha-international.com\/index.php?rest_route=\/wp\/v2\/pages\/3701","targetHints":{"allow":["GET"]}}],"collection":[{"href":"https:\/\/eveha-international.com\/index.php?rest_route=\/wp\/v2\/pages"}],"about":[{"href":"https:\/\/eveha-international.com\/index.php?rest_route=\/wp\/v2\/types\/page"}],"author":[{"embeddable":true,"href":"https:\/\/eveha-international.com\/index.php?rest_route=\/wp\/v2\/users\/4"}],"replies":[{"embeddable":true,"href":"https:\/\/eveha-international.com\/index.php?rest_route=%2Fwp%2Fv2%2Fcomments&post=3701"}],"version-history":[{"count":3,"href":"https:\/\/eveha-international.com\/index.php?rest_route=\/wp\/v2\/pages\/3701\/revisions"}],"predecessor-version":[{"id":3706,"href":"https:\/\/eveha-international.com\/index.php?rest_route=\/wp\/v2\/pages\/3701\/revisions\/3706"}],"up":[{"embeddable":true,"href":"https:\/\/eveha-international.com\/index.php?rest_route=\/wp\/v2\/pages\/7"}],"wp:featuredmedia":[{"embeddable":true,"href":"https:\/\/eveha-international.com\/index.php?rest_route=\/wp\/v2\/media\/3702"}],"wp:attachment":[{"href":"https:\/\/eveha-international.com\/index.php?rest_route=%2Fwp%2Fv2%2Fmedia&parent=3701"}],"curies":[{"name":"wp","href":"https:\/\/api.w.org\/{rel}","templated":true}]}}