{"id":3779,"date":"2026-01-14T14:43:49","date_gmt":"2026-01-14T13:43:49","guid":{"rendered":"https:\/\/eveha-international.com\/?page_id=3779"},"modified":"2026-01-14T14:44:24","modified_gmt":"2026-01-14T13:44:24","slug":"bear-island","status":"publish","type":"page","link":"https:\/\/eveha-international.com\/?page_id=3779","title":{"rendered":"Bear Island"},"content":{"rendered":"\n<p class=\"has-text-align-left has-small-font-size\">Le Projet Bear Island est conduit par S\u00e9bastien Perrot-Minnot,(Eveha International) et s\u2019inscrit dans la continuit\u00e9 du Projet Sadie Cove (2017-2018). <br>Il vise \u00e0 documenter, analyser et contextualiser les riches peintures rupestres pr\u00e9-europ\u00e9ennes du site de Bear Island (Alaska, \u00c9tats-Unis).<\/p>\n\n\n\n<div class=\"wp-block-separator has-alpha-channel-opacity is-style-wide\" style=\"margin-top:var(--wp--preset--spacing--40);margin-bottom:var(--wp--preset--spacing--40)\"><\/div>\n\n\n\n<div class=\"wp-block-columns is-layout-flex wp-container-core-columns-is-layout-9d6595d7 wp-block-columns-is-layout-flex\">\n<div class=\"wp-block-column is-layout-flow wp-block-column-is-layout-flow\">\n<h6 class=\"wp-block-heading has-theme-palette-12-color has-text-color has-link-color has-small-font-size wp-elements-a6174cf27127c342c7cf004520f79836\">Direction<br><strong>S\u00e9bastien Perrot-Minnot\u00a0<\/strong>(Eveha International)<\/h6>\n<\/div>\n\n\n\n<div class=\"wp-block-column is-layout-flow wp-block-column-is-layout-flow\">\n<p class=\"has-small-font-size\"><strong>Participation d&rsquo;\u00c9veha<br><\/strong>Direction de l\u2019op\u00e9ration<\/p>\n<\/div>\n\n\n\n<div class=\"wp-block-column is-layout-flow wp-block-column-is-layout-flow\">\n<p class=\"has-small-font-size\"><strong>Localisation<\/strong> <br>\u00c9tats-Unis d&rsquo;Am\u00e9rique<\/p>\n<\/div>\n<\/div>\n\n\n\n<div class=\"wp-block-separator has-text-color has-theme-palette-12-color has-alpha-channel-opacity has-theme-palette-12-background-color has-background is-style-wide\" style=\"margin-top:var(--wp--preset--spacing--60);margin-bottom:var(--wp--preset--spacing--60)\"><\/div>\n\n\n\n<p class=\"has-small-font-size\"><strong>Localisation et r\u00e9sum\u00e9 historique\u00a0<\/strong><br>Le site de peintures rupestres de Bear Island (SEL-00036 dans l\u2019inventaire officiel des sites arch\u00e9ologiques de l\u2019Etat de l\u2019Alaska) se trouve dans la partie m\u00e9ridionale centrale de l\u2019Alaska. Il est localis\u00e9 sur une petite \u00eele de la baie de Kachemak, qui p\u00e9n\u00e8tre dans le sud de la p\u00e9ninsule de Kenai et s\u2019ouvre sur le golfe de Cook, une subdivision du golfe de l\u2019Alaska\u00a0; la ville la plus proche est celle de Homer, situ\u00e9e \u00e0 24 km au sud-ouest de SEL-00036, \u00e0 l\u2019entr\u00e9e de la baie de Kachemak.<br><br><strong>Historique des recherches\u00a0<\/strong><br>Le site a commenc\u00e9 \u00e0 susciter des recherches dans les ann\u00e9es 1930. A l\u2019\u00e9poque, un Natif Dena\u2019ina (Athabascan, donc Am\u00e9rindien), dont le nom ne nous est pas connu, a rapport\u00e9 l\u2019existence des peintures de Bear Island \u00e0 l\u2019ethnologue Cornelius Osgood. Ce dernier s\u2019est montr\u00e9 int\u00e9ress\u00e9 par le lieu, sur lequel il a pr\u00e9lev\u00e9 trois fragments de roche orn\u00e9s, aujourd\u2019hui conserv\u00e9s au Mus\u00e9e Peabody d\u2019Histoire Naturelle (Universit\u00e9 de Yale).<br>Osgood a fait conna\u00eetre la paroi orn\u00e9e de Bear Island \u00e0 l\u2019anthropologue et arch\u00e9ologue Frederica de Laguna, qui travaillait alors sur la \u00ab\u00a0civilisation eskimo\u00a0\u00bb. De Laguna a r\u00e9alis\u00e9 des relev\u00e9s, des dessins et une analyse iconographique des pictogrammes, et a creus\u00e9 deux sondages sur le site. Plus r\u00e9cemment, l\u2019\u00e9tude des manifestations rupestres a \u00e9t\u00e9 enrichie par les travaux des arch\u00e9ologues Janet Klein (depuis les ann\u00e9es 1990), Melissa Baird (ann\u00e9es 2000) et S\u00e9bastien Perrot-Minnot (depuis 2017), mais aucune autre excavation n\u2019a \u00e9t\u00e9 pratiqu\u00e9e dans le secteur.<br>Les peintures de Bear Island ornent une paroi rocheuse qui s\u2019\u00e9l\u00e8ve en surplomb, en arri\u00e8re d\u2019une crique. On y reconna\u00eet, actuellement, une soixantaine de pictogrammes, distribu\u00e9s sur une surface de 1,80 x 4,10 m. Ils forment des repr\u00e9sentations zoomorphes (principalement), anthropomorphes, g\u00e9om\u00e9triques et abstraites, de petite taille (le motif le plus grand du corpus ayant une longueur de 14 cm). Les pictogrammes sont monochromes et de couleur rouge\u00e2tre, \u00e0 l\u2019exception d\u2019un motif polychrome pr\u00e9sentant \u00e9galement des pigments orange et noir. Des groupes de pictogrammes semblent composer de petites sc\u00e8nes, et d\u2019une fa\u00e7on g\u00e9n\u00e9rale, la r\u00e9partition des peintures donne l\u2019impression d\u2019une organisation.<br>De Laguna a mis au jour un niveau d\u2019occupation pr\u00e9europ\u00e9en comportant des restes de faune au pied de la paroi orn\u00e9e, et des artefacts lithiques de tradition native ont \u00e9t\u00e9 d\u00e9couverts ailleurs sur l\u2019\u00eele, mais ces vestiges n\u2019ont pas pu \u00eatre rattach\u00e9s \u00e0 une phase particuli\u00e8re.<br>Dans la continuit\u00e9 du projet qu\u2019il a consacr\u00e9 \u00e0 l\u2019abri sous roche orn\u00e9 de Sadie Cove (2017-2018), \u00e9galement situ\u00e9 dans la baie de Kachemak, S\u00e9bastien Perrot-Minnot a commenc\u00e9 \u00e0 d\u00e9velopper un programme de recherche sur le site d\u2019art rupestre de Bear Island, dans le cadre d\u2019Eveha International, afin d\u2019approfondir les r\u00e9flexions sur le style et le contexte chrono-culturel des manifestations pari\u00e9tales. Le Projet Bear Island pr\u00e9voit la r\u00e9alisation, en 2019-2020, d\u2019une prospection, de nouveaux relev\u00e9s et dessins des peintures, de relev\u00e9s topographique et photogramm\u00e9trique du site, d\u2019un sondage et d\u2019une \u00e9tude du mobilier arch\u00e9ologique qui serait d\u00e9couvert.<\/p>\n\n\n\n<div class=\"wp-block-separator has-alpha-channel-opacity is-style-wide\" style=\"margin-top:var(--wp--preset--spacing--60);margin-bottom:var(--wp--preset--spacing--60)\"><\/div>\n\n\n\n<div class=\"wp-block-columns is-layout-flex wp-container-core-columns-is-layout-9d6595d7 wp-block-columns-is-layout-flex\">\n<div class=\"wp-block-column is-layout-flow wp-block-column-is-layout-flow\">\n<p class=\"has-small-font-size\"><strong>Partenaires<\/strong> <br>Janet Klein, arch\u00e9ologue ind\u00e9pendante de Homer<br>Bureau d\u2019Histoire et de l\u2019Arch\u00e9ologie de l\u2019Etat de l\u2019Alaska<br>Mus\u00e9e Pratt, Homer<br>Institut d\u2019Etudes G\u00e9ologiques des Etats-Unis (USGS)<\/p>\n<\/div>\n\n\n\n<div class=\"wp-block-column is-layout-flow wp-block-column-is-layout-flow\"><\/div>\n\n\n\n<div class=\"wp-block-column is-layout-flow wp-block-column-is-layout-flow\">\n<p class=\"has-theme-palette-11-color has-text-color has-link-color has-small-font-size wp-elements-09d968e96a592ebca8af6978b8082c8c\"><\/p>\n<\/div>\n<\/div>\n\n\n\n<div class=\"wp-block-separator has-alpha-channel-opacity is-style-wide\" style=\"margin-top:var(--wp--preset--spacing--60);margin-bottom:var(--wp--preset--spacing--60)\"><\/div>\n\n\n\n<h2 class=\"wp-block-heading\">Campagnes <\/h2>\n\n\n<ul style=\"padding-top:0;padding-bottom:0;padding-left:0;padding-right:0;\" class=\"wp-block-latest-posts__list is-grid columns-4 has-link-color wp-elements-e1cfe4b62f519ac10f8da0dc146d4fcb wp-block-latest-posts has-text-color has-theme-palette-12-color has-small-font-size\"><li><div class=\"wp-block-latest-posts__featured-image\"><a href=\"https:\/\/eveha-international.com\/?p=1976\" aria-label=\"Bear Island &#8211; 2019\"><img loading=\"lazy\" decoding=\"async\" width=\"770\" height=\"485\" src=\"https:\/\/eveha-international.com\/wp-content\/uploads\/2019\/11\/bear-island_2019_small.jpg\" class=\"attachment-large size-large wp-post-image\" alt=\"\" style=\"\" srcset=\"https:\/\/eveha-international.com\/wp-content\/uploads\/2019\/11\/bear-island_2019_small.jpg 770w, https:\/\/eveha-international.com\/wp-content\/uploads\/2019\/11\/bear-island_2019_small-300x189.jpg 300w, https:\/\/eveha-international.com\/wp-content\/uploads\/2019\/11\/bear-island_2019_small-768x484.jpg 768w\" sizes=\"auto, (max-width: 770px) 100vw, 770px\" \/><\/a><\/div><a class=\"wp-block-latest-posts__post-title\" href=\"https:\/\/eveha-international.com\/?p=1976\">Bear Island &#8211; 2019<\/a><\/li>\n<\/ul>","protected":false},"excerpt":{"rendered":"<p>Le Projet Bear Island est conduit par S\u00e9bastien Perrot-Minnot,(Eveha International) et s\u2019inscrit dans la continuit\u00e9 du Projet Sadie Cove (2017-2018). Il vise \u00e0 documenter, analyser et contextualiser les riches peintures rupestres pr\u00e9-europ\u00e9ennes du site de Bear Island (Alaska, \u00c9tats-Unis). DirectionS\u00e9bastien Perrot-Minnot\u00a0(Eveha International) Participation d&rsquo;\u00c9vehaDirection de l\u2019op\u00e9ration Localisation \u00c9tats-Unis d&rsquo;Am\u00e9rique Localisation et r\u00e9sum\u00e9 historique\u00a0Le site de&#8230;<\/p>\n","protected":false},"author":4,"featured_media":3780,"parent":7,"menu_order":0,"comment_status":"closed","ping_status":"closed","template":"","meta":{"inline_featured_image":false,"_kad_post_transparent":"","_kad_post_title":"","_kad_post_layout":"","_kad_post_sidebar_id":"","_kad_post_content_style":"","_kad_post_vertical_padding":"","_kad_post_feature":"","_kad_post_feature_position":"","_kad_post_header":false,"_kad_post_footer":false,"_kad_post_classname":"","footnotes":""},"class_list":["post-3779","page","type-page","status-publish","has-post-thumbnail","hentry"],"_links":{"self":[{"href":"https:\/\/eveha-international.com\/index.php?rest_route=\/wp\/v2\/pages\/3779","targetHints":{"allow":["GET"]}}],"collection":[{"href":"https:\/\/eveha-international.com\/index.php?rest_route=\/wp\/v2\/pages"}],"about":[{"href":"https:\/\/eveha-international.com\/index.php?rest_route=\/wp\/v2\/types\/page"}],"author":[{"embeddable":true,"href":"https:\/\/eveha-international.com\/index.php?rest_route=\/wp\/v2\/users\/4"}],"replies":[{"embeddable":true,"href":"https:\/\/eveha-international.com\/index.php?rest_route=%2Fwp%2Fv2%2Fcomments&post=3779"}],"version-history":[{"count":1,"href":"https:\/\/eveha-international.com\/index.php?rest_route=\/wp\/v2\/pages\/3779\/revisions"}],"predecessor-version":[{"id":3782,"href":"https:\/\/eveha-international.com\/index.php?rest_route=\/wp\/v2\/pages\/3779\/revisions\/3782"}],"up":[{"embeddable":true,"href":"https:\/\/eveha-international.com\/index.php?rest_route=\/wp\/v2\/pages\/7"}],"wp:featuredmedia":[{"embeddable":true,"href":"https:\/\/eveha-international.com\/index.php?rest_route=\/wp\/v2\/media\/3780"}],"wp:attachment":[{"href":"https:\/\/eveha-international.com\/index.php?rest_route=%2Fwp%2Fv2%2Fmedia&parent=3779"}],"curies":[{"name":"wp","href":"https:\/\/api.w.org\/{rel}","templated":true}]}}