{"id":3812,"date":"2026-01-14T16:05:49","date_gmt":"2026-01-14T15:05:49","guid":{"rendered":"https:\/\/eveha-international.com\/?page_id=3812"},"modified":"2026-01-14T16:14:55","modified_gmt":"2026-01-14T15:14:55","slug":"concha","status":"publish","type":"page","link":"https:\/\/eveha-international.com\/?page_id=3812","title":{"rendered":"Concha"},"content":{"rendered":"\n<p class=\"has-text-align-left has-small-font-size\">Le projet europ\u00e9en Concha (Marie Sk\u0142odowska-Curie Research and Innovation Staff Exchange &#8211; RISE) est supervis\u00e9 par le CHAM\u00a0(Universit\u00e9 NOVA FCSH\u2014UAc, Lisbonne, Portugal). <br>Ax\u00e9 sur l\u2019\u00e9tude de l\u2019espace atlantique entre la fin du 15e et le 18e s., il a pour objectif principal la constitution d\u2019un r\u00e9seau de chercheurs via la r\u00e9alisation de missions au sein des 11 institutions partenaires en Europe, Afrique et Am\u00e9riques.<\/p>\n\n\n\n<div class=\"wp-block-separator has-alpha-channel-opacity is-style-wide\" style=\"margin-top:var(--wp--preset--spacing--40);margin-bottom:var(--wp--preset--spacing--40)\"><\/div>\n\n\n\n<div class=\"wp-block-columns is-layout-flex wp-container-core-columns-is-layout-9d6595d7 wp-block-columns-is-layout-flex\">\n<div class=\"wp-block-column is-layout-flow wp-block-column-is-layout-flow\">\n<h6 class=\"wp-block-heading has-theme-palette-12-color has-text-color has-link-color has-small-font-size wp-elements-65a5d546569cca6cadab9e982a26a0d4\">Direction<br><strong>Principal Investisseur :\u00a0<\/strong>Prof. Jo\u00e3o Paulo Oliveira e Costa<br><strong>Coordinateur Scientifique :<\/strong>\u00a0Cristina Brito<br><strong>Chef de projet :<\/strong>\u00a0Patr\u00edcia Carvalho<\/h6>\n<\/div>\n\n\n\n<div class=\"wp-block-column is-layout-flow wp-block-column-is-layout-flow\">\n<p class=\"has-small-font-size\"><strong>Participation d&rsquo;\u00c9veha<br><\/strong>S\u00e9jours de recherche<br>fouilles sous-marines<br>fouilles arch\u00e9ologiques<br>montage de projet<br>communications scientifiques<br>r\u00e9daction d\u2019articles scientifiques<\/p>\n<\/div>\n\n\n\n<div class=\"wp-block-column is-layout-flow wp-block-column-is-layout-flow\">\n<p class=\"has-small-font-size\"><strong>Localisation<\/strong> <br>Projet Concha (Colombie, Irlande, Cap Vert, Espagne) <\/p>\n<\/div>\n<\/div>\n\n\n\n<div class=\"wp-block-separator has-text-color has-theme-palette-12-color has-alpha-channel-opacity has-theme-palette-12-background-color has-background is-style-wide\" style=\"margin-top:var(--wp--preset--spacing--60);margin-bottom:var(--wp--preset--spacing--60)\"><\/div>\n\n\n\n<p class=\"has-small-font-size\"><strong>Pr\u00e9sentation g\u00e9n\u00e9rale\u00a0<\/strong><br>Le projet Concha r\u00e9unit une cinquantaine de chercheurs autour d\u2019une th\u00e9matique large\u00a0: les multiples modalit\u00e9s de d\u00e9veloppement des cit\u00e9s portuaires de la frange Atlantique, pour l\u2019essentiel depuis la fin du 15e jusqu\u2019au 18e si\u00e8cle. Dans cette d\u00e9marche, l\u2019\u00e9tude de la construction d\u2019un espace atlantique est mis en rapport avec les contextes environnementaux et \u00e9conomiques \u00e0 une \u00e9chelle aussi bien locale que r\u00e9gionale, voire mondiale. Ces recherches impliquent l\u2019analyse des donn\u00e9es historiques, g\u00e9omorphologiques, environnementales ou bien encore arch\u00e9ologiques.<br>Plusieurs emplacements ont \u00e9t\u00e9 choisis pour les rencontres et \u00e9tudes de cas\u00a0: Cap Vert, A\u00e7ores, Sao Tom\u00e9 et Principe, S\u00e9ville, Lisbonne, Dublin, France, Colombie ou bien encore Br\u00e9sil. Certains sites ont \u00e9t\u00e9 retenus en fonction de leur importance dans les r\u00e9seaux de circulation des hommes, des ressources et des savoirs au cours des p\u00e9riodes anciennes. D\u2019autres abritent des structures de recherche \u00e0 m\u00eame de favoriser le bon d\u00e9roulement de ce vaste projet.<br>En plus d\u2019offrir aux chercheurs un r\u00e9seau d\u2019\u00e9change inter-institutionnel, le projet Concha se concentre \u00e9galement sur la formation des personnels des diff\u00e9rentes institutions impliqu\u00e9es dans le projet, sur la m\u00e9diation aupr\u00e8s des diff\u00e9rents publics (expositions, conf\u00e9rences, ateliers), ainsi que sur la protection du patrimoine.<br><br><strong>Historique du projet<\/strong><br>Le projet a \u00e9t\u00e9 officiellement lanc\u00e9 au d\u00e9but de l\u2019ann\u00e9e 2018. Il s\u2019inscrit dans la cadre du projet de recherche europ\u00e9en Horizon 2020.<br>\u201cThis project has received funding from the EU\u00a0H2020-MSCA-RISE-2017 research and innovation programme under grant agreement No 777998.\u201d<\/p>\n\n\n\n<div class=\"wp-block-separator has-alpha-channel-opacity is-style-wide\" style=\"margin-top:var(--wp--preset--spacing--60);margin-bottom:var(--wp--preset--spacing--60)\"><\/div>\n\n\n\n<div class=\"wp-block-columns is-layout-flex wp-container-core-columns-is-layout-9d6595d7 wp-block-columns-is-layout-flex\">\n<div class=\"wp-block-column is-layout-flow wp-block-column-is-layout-flow\">\n<p class=\"has-small-font-size\"><strong>Partenaires<\/strong> <br>CHAM\u00a0: Facult\u00e9 des Sciences Sociales et Humaines<br>NOVA FCSH \/ Portugal<br>APCM \u2013 Association pour les Sciences de la Mer \/ Portugal<br>OMA\u00a0: Observatoire de la Mer des A\u00e7ores \/ Portugal<br>UPO\u00a0: Universit\u00e9 Pablo Olavide \/ Espagne<br>Trinity Coll\u00e8ge Dublin \/ Irlande<br>\u00c9veha International \/ France<br>IPC\u00a0: Institut du Patrimoine Culturel \/ Cap Vert<br>MARAPA \u2013 Mer, Environnement et P\u00eache Artisanale \/ S\u00e3o Tom\u00e9 &amp; Pr\u00edncipe<br>Universit\u00e9 du Nord \/ Colombie<br>Universit\u00e9 F\u00e9d\u00e9rale de Sergipe \/ Br\u00e9sil<br>Old Dominion Universit\u00e9 \/ USA<\/p>\n<\/div>\n\n\n\n<div class=\"wp-block-column is-layout-flow wp-block-column-is-layout-flow\"><\/div>\n\n\n\n<div class=\"wp-block-column is-layout-flow wp-block-column-is-layout-flow\">\n<p class=\"has-theme-palette-11-color has-text-color has-link-color has-small-font-size wp-elements-8123b71452677cf407a48366ef2f8474\"><strong>Liens<\/strong> :<br><a href=\"http:\/\/www.cham.fcsh.unl.pt\/ext\/concha\/index.html\" target=\"_blank\" rel=\"noreferrer noopener\">Concha<\/a><br><a href=\"http:\/\/www.cham.fcsh.unl.pt\/pr_descricao.aspx?ProId=70\" target=\"_blank\" rel=\"noreferrer noopener\">Projet Concha<\/a><br><a href=\"https:\/\/www.facebook.com\/groups\/conchaproject\/?jazoest=265100120120567580778710010811911799115671167510711810611511789731228745705411578109708511056103827810110656865481586510011983831061001124572856510011167709786109485654103114821181141165267119484850877380117541077811382119112119\" target=\"_blank\" rel=\"noreferrer noopener\">Facebook Concha<\/a><br><a href=\"https:\/\/www.facebook.com\/cham.fcsh.nova.uac\/?__tn__=kCH-R&amp;eid=ARCsxVFFNCMERHiBedKLS-wb95GMspilUG1SRo4IcxUwdfX-d853Bus2H4JGey1QoA4kI3LF65LwjHwz&amp;hc_ref=ARQpAJK-H6Odf4XwliGlK68593eMcRs-QEUTcXHOIlhIOMqgdbYQ05LSvjMSaJ11hU0&amp;fref=nf&amp;__xts__[0]=68.ARDR6_hyaaFMcG3xAlZoYXGQi2xNg1C-_vu7g8vYYWa2i_EcXfKcIdPXNGfJFbI_QLWoVWeZBZ2VE1gkzHfvPzaDozUrniU-803TN_9Ho5IJqAei7UU8OJoPT_IBFT-hwCnYJIkLATfkRmHj4S6BYxcFuUI72xeLeH8jWIdqH8EQsdeJjUiP9FOVpEWOYPyytHuUsnP-kEg8cmAAjpqmnRVcBGB8adPJHJAeZgRQv0oBUYDWqxEfv9p-_pXq8Y6uD5XF6WSrF8ndLzJwFlLR185ufplaMmoD0JOqjSwNGF9Yu9KuVbmkh5E6h6G2xYnUU8E9pw\" target=\"_blank\" rel=\"noreferrer noopener\">Facebook CHAM<\/a><\/p>\n<\/div>\n<\/div>\n\n\n\n<div class=\"wp-block-separator has-alpha-channel-opacity is-style-wide\" style=\"margin-top:var(--wp--preset--spacing--60);margin-bottom:var(--wp--preset--spacing--60)\"><\/div>\n\n\n\n<h2 class=\"wp-block-heading\">Campagnes <\/h2>\n\n\n<ul style=\"padding-top:0;padding-bottom:0;padding-left:0;padding-right:0;\" class=\"wp-block-latest-posts__list is-grid columns-4 has-link-color wp-elements-f3bc294a0844d118cd4c4473cf0e8336 wp-block-latest-posts has-text-color has-theme-palette-12-color has-small-font-size\"><li><div class=\"wp-block-latest-posts__featured-image\"><a href=\"https:\/\/eveha-international.com\/?p=1768\" aria-label=\"Concha &#8211; Cap Vert\"><img loading=\"lazy\" decoding=\"async\" width=\"410\" height=\"312\" src=\"https:\/\/eveha-international.com\/wp-content\/uploads\/2019\/01\/Concha-chapeau_Small.jpeg\" class=\"attachment-large size-large wp-post-image\" alt=\"\" style=\"\" srcset=\"https:\/\/eveha-international.com\/wp-content\/uploads\/2019\/01\/Concha-chapeau_Small.jpeg 410w, https:\/\/eveha-international.com\/wp-content\/uploads\/2019\/01\/Concha-chapeau_Small-300x228.jpeg 300w\" sizes=\"auto, (max-width: 410px) 100vw, 410px\" \/><\/a><\/div><a class=\"wp-block-latest-posts__post-title\" href=\"https:\/\/eveha-international.com\/?p=1768\">Concha &#8211; Cap Vert<\/a><\/li>\n<li><div class=\"wp-block-latest-posts__featured-image\"><a href=\"https:\/\/eveha-international.com\/?p=2138\" aria-label=\"Concha &#8211; Colombie\"><img loading=\"lazy\" decoding=\"async\" width=\"770\" height=\"485\" src=\"https:\/\/eveha-international.com\/wp-content\/uploads\/2020\/07\/concha_colombie_small.jpg\" class=\"attachment-large size-large wp-post-image\" alt=\"\" style=\"\" srcset=\"https:\/\/eveha-international.com\/wp-content\/uploads\/2020\/07\/concha_colombie_small.jpg 770w, https:\/\/eveha-international.com\/wp-content\/uploads\/2020\/07\/concha_colombie_small-300x189.jpg 300w, https:\/\/eveha-international.com\/wp-content\/uploads\/2020\/07\/concha_colombie_small-768x484.jpg 768w\" sizes=\"auto, (max-width: 770px) 100vw, 770px\" \/><\/a><\/div><a class=\"wp-block-latest-posts__post-title\" href=\"https:\/\/eveha-international.com\/?p=2138\">Concha &#8211; Colombie<\/a><\/li>\n<li><div class=\"wp-block-latest-posts__featured-image\"><a href=\"https:\/\/eveha-international.com\/?p=2053\" aria-label=\"Concha &#8211; Irlande\"><img loading=\"lazy\" decoding=\"async\" width=\"770\" height=\"485\" src=\"https:\/\/eveha-international.com\/wp-content\/uploads\/2020\/04\/concha_irlande_small.jpg\" class=\"attachment-large size-large wp-post-image\" alt=\"\" style=\"\" srcset=\"https:\/\/eveha-international.com\/wp-content\/uploads\/2020\/04\/concha_irlande_small.jpg 770w, https:\/\/eveha-international.com\/wp-content\/uploads\/2020\/04\/concha_irlande_small-300x189.jpg 300w, https:\/\/eveha-international.com\/wp-content\/uploads\/2020\/04\/concha_irlande_small-768x484.jpg 768w\" sizes=\"auto, (max-width: 770px) 100vw, 770px\" \/><\/a><\/div><a class=\"wp-block-latest-posts__post-title\" href=\"https:\/\/eveha-international.com\/?p=2053\">Concha &#8211; Irlande<\/a><\/li>\n<li><div class=\"wp-block-latest-posts__featured-image\"><a href=\"https:\/\/eveha-international.com\/?p=1908\" aria-label=\"Concha &#8211; Seville\"><img loading=\"lazy\" decoding=\"async\" width=\"770\" height=\"485\" src=\"https:\/\/eveha-international.com\/wp-content\/uploads\/2019\/04\/Concha-chapeau_Small.jpeg\" class=\"attachment-large size-large wp-post-image\" alt=\"\" style=\"\" srcset=\"https:\/\/eveha-international.com\/wp-content\/uploads\/2019\/04\/Concha-chapeau_Small.jpeg 770w, https:\/\/eveha-international.com\/wp-content\/uploads\/2019\/04\/Concha-chapeau_Small-300x189.jpeg 300w, https:\/\/eveha-international.com\/wp-content\/uploads\/2019\/04\/Concha-chapeau_Small-768x484.jpeg 768w\" sizes=\"auto, (max-width: 770px) 100vw, 770px\" \/><\/a><\/div><a class=\"wp-block-latest-posts__post-title\" href=\"https:\/\/eveha-international.com\/?p=1908\">Concha &#8211; Seville<\/a><\/li>\n<\/ul>","protected":false},"excerpt":{"rendered":"<p>Le projet europ\u00e9en Concha (Marie Sk\u0142odowska-Curie Research and Innovation Staff Exchange &#8211; RISE) est supervis\u00e9 par le CHAM\u00a0(Universit\u00e9 NOVA FCSH\u2014UAc, Lisbonne, Portugal). Ax\u00e9 sur l\u2019\u00e9tude de l\u2019espace atlantique entre la fin du 15e et le 18e s., il a pour objectif principal la constitution d\u2019un r\u00e9seau de chercheurs via la r\u00e9alisation de missions au sein&#8230;<\/p>\n","protected":false},"author":4,"featured_media":3813,"parent":7,"menu_order":0,"comment_status":"closed","ping_status":"closed","template":"","meta":{"inline_featured_image":false,"_kad_post_transparent":"","_kad_post_title":"","_kad_post_layout":"","_kad_post_sidebar_id":"","_kad_post_content_style":"","_kad_post_vertical_padding":"","_kad_post_feature":"","_kad_post_feature_position":"","_kad_post_header":false,"_kad_post_footer":false,"_kad_post_classname":"","footnotes":""},"class_list":["post-3812","page","type-page","status-publish","has-post-thumbnail","hentry"],"_links":{"self":[{"href":"https:\/\/eveha-international.com\/index.php?rest_route=\/wp\/v2\/pages\/3812","targetHints":{"allow":["GET"]}}],"collection":[{"href":"https:\/\/eveha-international.com\/index.php?rest_route=\/wp\/v2\/pages"}],"about":[{"href":"https:\/\/eveha-international.com\/index.php?rest_route=\/wp\/v2\/types\/page"}],"author":[{"embeddable":true,"href":"https:\/\/eveha-international.com\/index.php?rest_route=\/wp\/v2\/users\/4"}],"replies":[{"embeddable":true,"href":"https:\/\/eveha-international.com\/index.php?rest_route=%2Fwp%2Fv2%2Fcomments&post=3812"}],"version-history":[{"count":1,"href":"https:\/\/eveha-international.com\/index.php?rest_route=\/wp\/v2\/pages\/3812\/revisions"}],"predecessor-version":[{"id":3817,"href":"https:\/\/eveha-international.com\/index.php?rest_route=\/wp\/v2\/pages\/3812\/revisions\/3817"}],"up":[{"embeddable":true,"href":"https:\/\/eveha-international.com\/index.php?rest_route=\/wp\/v2\/pages\/7"}],"wp:featuredmedia":[{"embeddable":true,"href":"https:\/\/eveha-international.com\/index.php?rest_route=\/wp\/v2\/media\/3813"}],"wp:attachment":[{"href":"https:\/\/eveha-international.com\/index.php?rest_route=%2Fwp%2Fv2%2Fmedia&parent=3812"}],"curies":[{"name":"wp","href":"https:\/\/api.w.org\/{rel}","templated":true}]}}