{"id":3832,"date":"2026-01-14T17:07:14","date_gmt":"2026-01-14T16:07:14","guid":{"rendered":"https:\/\/eveha-international.com\/?page_id=3832"},"modified":"2026-01-14T17:09:27","modified_gmt":"2026-01-14T16:09:27","slug":"leon-viejo","status":"publish","type":"page","link":"https:\/\/eveha-international.com\/?page_id=3832","title":{"rendered":"Leon Viejo"},"content":{"rendered":"\n<p class=\"has-text-align-left has-small-font-size\">Le projet arch\u00e9ologique \u00ab&nbsp;Leon Viejo dans le temps et dans l\u2019espace&nbsp;&nbsp;\u00bb est dirig\u00e9 par Rigoberto Navarro Genie (\u00c9veha Nicaragua) et co-dirig\u00e9 par S\u00e9bastien Perrot-Minnot (\u00c9veha International). Le projet est plac\u00e9 sous l\u2019autorit\u00e9 de l\u2019Institut Nicaraguayen de la Culture (INC) et b\u00e9n\u00e9ficie d\u2019un financement de l\u2019ambassade du Luxembourg.<\/p>\n\n\n\n<div class=\"wp-block-separator has-alpha-channel-opacity is-style-wide\" style=\"margin-top:var(--wp--preset--spacing--40);margin-bottom:var(--wp--preset--spacing--40)\"><\/div>\n\n\n\n<div class=\"wp-block-columns is-layout-flex wp-container-core-columns-is-layout-9d6595d7 wp-block-columns-is-layout-flex\">\n<div class=\"wp-block-column is-layout-flow wp-block-column-is-layout-flow\">\n<h6 class=\"wp-block-heading has-theme-palette-12-color has-text-color has-link-color has-small-font-size wp-elements-7aa47232a4f37990ed79cd26d34ed067\">Direction<br><strong>Dr. Rigoberto Navarro-Genie<\/strong>&nbsp;(\u00c9veha Nicaragua)<br><strong>Dr. S\u00e9bastien Perrot-Minnot<\/strong>&nbsp;(\u00c9veha International)<\/h6>\n<\/div>\n\n\n\n<div class=\"wp-block-column is-layout-flow wp-block-column-is-layout-flow\">\n<p class=\"has-small-font-size\"><strong>Participation d&rsquo;\u00c9veha<br><\/strong>Direction Fouilles arch\u00e9ologiques <br>\u00c9tude du mobilier <br>G\u00e9omorphologie<\/p>\n<\/div>\n\n\n\n<div class=\"wp-block-column is-layout-flow wp-block-column-is-layout-flow\">\n<p class=\"has-small-font-size\"><strong>Localisation<\/strong> <br>Nicaragua<\/p>\n<\/div>\n<\/div>\n\n\n\n<div class=\"wp-block-separator has-text-color has-theme-palette-12-color has-alpha-channel-opacity has-theme-palette-12-background-color has-background is-style-wide\" style=\"margin-top:var(--wp--preset--spacing--60);margin-bottom:var(--wp--preset--spacing--60)\"><\/div>\n\n\n\n<p class=\"has-small-font-size\"><strong>Localisation et r\u00e9sum\u00e9 historique<\/strong><br>Le site arch\u00e9ologique de Leon Viejo est localis\u00e9 dans l\u2019ouest du Nicaragua, aux portes du village de Puerto Momotombo (commune de La Paz Centro, d\u00e9partement de Leon). C\u2019est l\u00e0, au bord du lac de Managua (ou Xolotlan) et \u00e0 proximit\u00e9 du volcan Momotombo, que les Espagnols ont fond\u00e9 une de leurs premi\u00e8res villes sur le continent am\u00e9ricain. \u00c9tablie en 1524, sous le nom de Leon de Nagrando, dans une r\u00e9gion peupl\u00e9e par les Am\u00e9rindiens, elle est devenue la capitale de la province coloniale du Nicaragua trois ans plus tard, et a atteint son apog\u00e9e dans les ann\u00e9es 1540. L\u2019agglom\u00e9ration a \u00e9t\u00e9 d\u00e9finitivement abandonn\u00e9e en 1610, apr\u00e8s une s\u00e9rie de calamit\u00e9s provoqu\u00e9es par l\u2019homme et les \u00e9l\u00e9ments, la ville \u00e9tant alors transf\u00e9r\u00e9e \u00e0 l\u2019emplacement actuel de celle de Leon.<\/p>\n\n\n\n<p class=\"has-small-font-size\"><strong>Historique des recherches<\/strong><br>Red\u00e9couvert en 1967, le site de Leon Viejo a motiv\u00e9 des campagnes de d\u00e9gagement, de fouilles et de restauration. Plusieurs monuments remarquables ont \u00e9t\u00e9 d\u00e9couverts \u00e0 cette occasion, parmi lesquels l\u2019ancienne cath\u00e9drale Sainte-Marie ou bien encore le couvent de La Merced. Le site a \u00e9t\u00e9 inscrit au Patrimoine Mondial en 2000, car il \u00ab&nbsp;offre un remarquable t\u00e9moignage des structures \u00e9conomiques et sociales de l\u2019empire espagnol au XVIe si\u00e8cle&nbsp;\u00bb (whc.unesco.org\/fr\/list\/613).<\/p>\n\n\n\n<div class=\"wp-block-separator has-alpha-channel-opacity is-style-wide\" style=\"margin-top:var(--wp--preset--spacing--60);margin-bottom:var(--wp--preset--spacing--60)\"><\/div>\n\n\n\n<div class=\"wp-block-columns is-layout-flex wp-container-core-columns-is-layout-9d6595d7 wp-block-columns-is-layout-flex\">\n<div class=\"wp-block-column is-layout-flow wp-block-column-is-layout-flow\">\n<p class=\"has-small-font-size\"><strong>Partenaires<\/strong> <br>Ambassade du Grand Duch\u00e9 du Luxembourg <br>au Nicaragua<br>Institut Nicaraguayen de la Culture (INC)<br>Institut Nicaraguayen de Tourisme (INTUR)<\/p>\n<\/div>\n\n\n\n<div class=\"wp-block-column is-layout-flow wp-block-column-is-layout-flow\"><\/div>\n\n\n\n<div class=\"wp-block-column is-layout-flow wp-block-column-is-layout-flow\"><\/div>\n<\/div>\n\n\n\n<div class=\"wp-block-separator has-alpha-channel-opacity is-style-wide\" style=\"margin-top:var(--wp--preset--spacing--60);margin-bottom:var(--wp--preset--spacing--60)\"><\/div>\n\n\n\n<h2 class=\"wp-block-heading\">Campagnes <\/h2>\n\n\n<ul style=\"padding-top:0;padding-bottom:0;padding-left:0;padding-right:0;\" class=\"wp-block-latest-posts__list is-grid columns-4 has-link-color wp-elements-15b71f3d00cf0cfd479df6b832285a3d wp-block-latest-posts has-text-color has-theme-palette-12-color has-small-font-size\"><li><div class=\"wp-block-latest-posts__featured-image\"><a href=\"https:\/\/eveha-international.com\/?p=1395\" aria-label=\"Leon Viejo &#8211; 2017\"><img loading=\"lazy\" decoding=\"async\" width=\"770\" height=\"485\" src=\"https:\/\/eveha-international.com\/wp-content\/uploads\/2018\/03\/leon_viejo_2017_small.jpg\" class=\"attachment-large size-large wp-post-image\" alt=\"\" style=\"\" srcset=\"https:\/\/eveha-international.com\/wp-content\/uploads\/2018\/03\/leon_viejo_2017_small.jpg 770w, https:\/\/eveha-international.com\/wp-content\/uploads\/2018\/03\/leon_viejo_2017_small-300x189.jpg 300w\" sizes=\"auto, (max-width: 770px) 100vw, 770px\" \/><\/a><\/div><a class=\"wp-block-latest-posts__post-title\" href=\"https:\/\/eveha-international.com\/?p=1395\">Leon Viejo &#8211; 2017<\/a><\/li>\n<\/ul>","protected":false},"excerpt":{"rendered":"<p>Le projet arch\u00e9ologique \u00ab&nbsp;Leon Viejo dans le temps et dans l\u2019espace&nbsp;&nbsp;\u00bb est dirig\u00e9 par Rigoberto Navarro Genie (\u00c9veha Nicaragua) et co-dirig\u00e9 par S\u00e9bastien Perrot-Minnot (\u00c9veha International). Le projet est plac\u00e9 sous l\u2019autorit\u00e9 de l\u2019Institut Nicaraguayen de la Culture (INC) et b\u00e9n\u00e9ficie d\u2019un financement de l\u2019ambassade du Luxembourg. DirectionDr. Rigoberto Navarro-Genie&nbsp;(\u00c9veha Nicaragua)Dr. S\u00e9bastien Perrot-Minnot&nbsp;(\u00c9veha International) Participation&#8230;<\/p>\n","protected":false},"author":4,"featured_media":3834,"parent":7,"menu_order":0,"comment_status":"closed","ping_status":"closed","template":"","meta":{"inline_featured_image":false,"_kad_post_transparent":"","_kad_post_title":"","_kad_post_layout":"","_kad_post_sidebar_id":"","_kad_post_content_style":"","_kad_post_vertical_padding":"","_kad_post_feature":"","_kad_post_feature_position":"","_kad_post_header":false,"_kad_post_footer":false,"_kad_post_classname":"","footnotes":""},"class_list":["post-3832","page","type-page","status-publish","has-post-thumbnail","hentry"],"_links":{"self":[{"href":"https:\/\/eveha-international.com\/index.php?rest_route=\/wp\/v2\/pages\/3832","targetHints":{"allow":["GET"]}}],"collection":[{"href":"https:\/\/eveha-international.com\/index.php?rest_route=\/wp\/v2\/pages"}],"about":[{"href":"https:\/\/eveha-international.com\/index.php?rest_route=\/wp\/v2\/types\/page"}],"author":[{"embeddable":true,"href":"https:\/\/eveha-international.com\/index.php?rest_route=\/wp\/v2\/users\/4"}],"replies":[{"embeddable":true,"href":"https:\/\/eveha-international.com\/index.php?rest_route=%2Fwp%2Fv2%2Fcomments&post=3832"}],"version-history":[{"count":2,"href":"https:\/\/eveha-international.com\/index.php?rest_route=\/wp\/v2\/pages\/3832\/revisions"}],"predecessor-version":[{"id":3837,"href":"https:\/\/eveha-international.com\/index.php?rest_route=\/wp\/v2\/pages\/3832\/revisions\/3837"}],"up":[{"embeddable":true,"href":"https:\/\/eveha-international.com\/index.php?rest_route=\/wp\/v2\/pages\/7"}],"wp:featuredmedia":[{"embeddable":true,"href":"https:\/\/eveha-international.com\/index.php?rest_route=\/wp\/v2\/media\/3834"}],"wp:attachment":[{"href":"https:\/\/eveha-international.com\/index.php?rest_route=%2Fwp%2Fv2%2Fmedia&parent=3832"}],"curies":[{"name":"wp","href":"https:\/\/api.w.org\/{rel}","templated":true}]}}