{"id":4039,"date":"2026-01-15T17:21:53","date_gmt":"2026-01-15T16:21:53","guid":{"rendered":"https:\/\/eveha-international.com\/?page_id=4039"},"modified":"2026-02-25T16:36:16","modified_gmt":"2026-02-25T15:36:16","slug":"qalhat","status":"publish","type":"page","link":"https:\/\/eveha-international.com\/?page_id=4039","title":{"rendered":"Qalh\u00e2t"},"content":{"rendered":"\n<p class=\"has-text-align-left has-small-font-size\">La ville de Qalh\u00e2t est au coeur d&rsquo;un grand projet de mise en valeur qui s&rsquo;accompagne de fouilles arch\u00e9ologiques, <br>dont la responsabilit\u00e9 scientifique a \u00e9t\u00e9 confi\u00e9e \u00e0 Axelle Rougeulle (CNRS, UMR8167 \u2013 Orient et M\u00e9diterran\u00e9e).<\/p>\n\n\n\n<div class=\"wp-block-separator has-alpha-channel-opacity is-style-wide\" style=\"margin-top:var(--wp--preset--spacing--40);margin-bottom:var(--wp--preset--spacing--40)\"><\/div>\n\n\n\n<div class=\"wp-block-columns is-layout-flex wp-container-core-columns-is-layout-9d6595d7 wp-block-columns-is-layout-flex\">\n<div class=\"wp-block-column is-layout-flow wp-block-column-is-layout-flow\">\n<h6 class=\"wp-block-heading has-theme-palette-12-color has-text-color has-link-color has-small-font-size wp-elements-a6bedfc5c5b3c7d6493d90da78f4c94c\">Direction<br><strong>Axelle Rougeulle<\/strong>\u00a0(CNRS, UMR8167 \u2013 <br>Orient et M\u00e9diterran\u00e9e)<\/h6>\n<\/div>\n\n\n\n<div class=\"wp-block-column is-layout-flow wp-block-column-is-layout-flow\">\n<p class=\"has-small-font-size\"><strong>Participation d&rsquo;\u00c9veha<br><\/strong>topographie <br>recherches arch\u00e9ologiques <br>photogramm\u00e9trie <br>\u00e9tudes sp\u00e9cialis\u00e9es <br>publication<\/p>\n<\/div>\n\n\n\n<div class=\"wp-block-column is-layout-flow wp-block-column-is-layout-flow\">\n<p class=\"has-small-font-size\"><strong>Localisation<\/strong> <br>Sultanat d&rsquo;Oman<\/p>\n<\/div>\n<\/div>\n\n\n\n<div class=\"wp-block-separator has-text-color has-theme-palette-12-color has-alpha-channel-opacity has-theme-palette-12-background-color has-background is-style-wide\" style=\"margin-top:var(--wp--preset--spacing--60);margin-bottom:var(--wp--preset--spacing--60)\"><\/div>\n\n\n\n<p class=\"has-small-font-size\"><strong>Localisation et r\u00e9sum\u00e9 historique<\/strong><br>Le site de Qalh\u00e2t se trouve \u00e0 environ 50km au nord du Ra\u2019s al-Hadd, le point le plus oriental de la p\u00e9ninsule arabique, \u00e0 proximit\u00e9 de la ville actuelle de S\u00fbr.<br>Mentionn\u00e9e par diff\u00e9rents chroniqueurs \u00e0 partir du 12<sup>e<\/sup>\u00a0si\u00e8cle, la ville para\u00eet avoir \u00e9t\u00e9 fond\u00e9e aux environs de 1100. C\u2019est ce qu\u2019indiquent plusieurs auteurs anciens, et c\u2019est ce que semblent confirmer les premiers sondages stratigraphiques profonds.<br>Le site est immense, couvrant pr\u00e8s de 35ha plus ou moins dens\u00e9ment occup\u00e9s, qui sont d\u00e9limit\u00e9s par diff\u00e9rents jeux de fortifications. La ville a manifestement connu un \u00e2ge d\u2019or au tournant des 13<sup>e<\/sup>\u00a0et 14<sup>e<\/sup>\u00a0si\u00e8cles. Elle fait partie du royaume d\u2019Ormuz et est alors administr\u00e9e par le gouverneur Ay\u00e2z et son \u00e9pouse B\u00eeb\u00ee Maryam. Cette \u00e9poque est notamment caract\u00e9ris\u00e9e par la construction d\u2019un vaste complexe monumental pr\u00e8s de la plage, au sein de la vieille ville. C\u2019est l\u00e0 que se trouve la grande mosqu\u00e9e visit\u00e9e par Ibn Battuta v. 1330, ainsi que, vraisemblablement, le palais du gouverneur. Qalh\u00e2t est \u00e0 cette \u00e9poque un grand port de commerce international situ\u00e9 au c\u0153ur de r\u00e9seaux commerciaux complexes, deuxi\u00e8me capitale du royaume d\u2019Ormuz qui domine alors les voies maritimes dans l\u2019oc\u00e9an Indien occidental. La tr\u00e8s abondante c\u00e9ramique d\u2019importation retrouv\u00e9e sur le site donne une bonne image de ces r\u00e9seaux\u00a0: elle provient essentiellement d\u2019Iran et du sous-continent indien, mais des pi\u00e8ces plus luxueuses sont originaires d\u2019Extr\u00eame-Orient.<br>D\u00e8s la seconde moiti\u00e9 du XVe si\u00e8cle, le port de Qalh\u00e2t semble conna\u00eetre un certain d\u00e9clin, et c\u2019est dans une cit\u00e9 en perte de vitesse que les Portugais font escale en 1507. L\u2019ann\u00e9e suivante, selon leurs t\u00e9moignages, ces derniers massacrent les habitants de la ville, pillent les habitats et ruinent une partie des monuments. M\u00eame si l\u2019ampleur de ces destructions a probablement \u00e9t\u00e9 exag\u00e9r\u00e9e par les chroniqueurs, il n\u2019en est pas moins vrai que le d\u00e9clin de Qalh\u00e2t est alors manifeste. N\u00e9anmoins, la ville est encore occup\u00e9e et le port toujours actif\u00a0: de la c\u00e9ramique extr\u00eame-orientale continue \u00e0 y parvenir jusqu\u2019\u00e0 la seconde moiti\u00e9 du XVIe si\u00e8cle. En r\u00e9alit\u00e9, la r\u00e9gion n\u2019a jamais \u00e9t\u00e9 totalement abandonn\u00e9e, et un village s\u2019est implant\u00e9 en dehors de l\u2019enceinte, de l\u2019autre c\u00f4t\u00e9 du wadi, au cours de la p\u00e9riode moderne. La ville fortifi\u00e9e a par contre \u00e9t\u00e9 largement d\u00e9sert\u00e9e, simplement marqu\u00e9e par une occupation sporadique de type probablement pastoral.<\/p>\n\n\n\n<p class=\"has-small-font-size\"><strong>Historique des recherches<\/strong><br>Le site se pr\u00e9sente comme un immense champ de ruines h\u00e9riss\u00e9 de rares monuments \u2013 le mausol\u00e9e dit de B\u00eeB\u00ee Maryam \u2013 et des murailles. D\u00e8s le XIXe si\u00e8cle, l\u2019ancienne cit\u00e9 est \u00e9voqu\u00e9e par certains voyageurs et l\u2019ensemble \u00e9tait partiellement connu gr\u00e2ce aux diff\u00e9rents textes qui \u00e9voquent la ville. Mais l\u2019organisation g\u00e9n\u00e9rale de la ville comme son histoire demeuraient largement inconnus. Il a fallu attendre 2003 pour que se d\u00e9roulent les premi\u00e8res fouilles arch\u00e9ologiques.<br>Depuis 2008, un programme de recherches arch\u00e9ologiques, le\u00a0<strong>Qalh\u00e2t Project (QP)<\/strong>, a \u00e9t\u00e9 lanc\u00e9 \u00e0 Qalh\u00e2t par le Ministry of Heritage and Culture d\u2019Oman, sous la responsabilit\u00e9 d\u2019Axelle Rougeulle (CNRS-UMR8167) et dans le cadre des travaux de la commission des fouilles du Minist\u00e8re des Affaires Etrang\u00e8res. Le premier quadriennal s\u2019est termin\u00e9 en 2012 par une mission de pr\u00e9-publication. En 2013, un nouveau projet quadriennal a \u00e9t\u00e9 lanc\u00e9 dans ce m\u00eame cadre institutionnel.<br>En parall\u00e8le \u00e0 ce programme, un vaste projet de mise en valeur du site, le\u00a0<strong>Qalh\u00e2t Development Project (QDP)<\/strong>, a \u00e9t\u00e9 lanc\u00e9 en 2013 par le Ministry of Heritage and Culture d\u2019Oman, sous la direction scientifique d\u2019Axelle Rougeulle. Qalh\u00e2t est en effet le plus \u00e9tendu des sites arch\u00e9ologiques du Sultanat d\u2019Oman et l\u2019un des plus spectaculaires. Les autorit\u00e9s du pays ambitionnent donc d\u2019en faire un p\u00f4le d\u2019attractivit\u00e9 national et international. Le Projet comporte donc un volet de fouilles extensives et d\u2019\u00e9tude arch\u00e9ologiques, ainsi qu\u2019un volet de conservation des b\u00e2timents mis au jour. \u00c0 terme, un centre d\u2019interpr\u00e9tation devrait ouvrir sur le site.<\/p>\n\n\n\n<div class=\"wp-block-separator has-alpha-channel-opacity is-style-wide\" style=\"margin-top:var(--wp--preset--spacing--60);margin-bottom:var(--wp--preset--spacing--60)\"><\/div>\n\n\n\n<div class=\"wp-block-columns is-layout-flex wp-container-core-columns-is-layout-9d6595d7 wp-block-columns-is-layout-flex\">\n<div class=\"wp-block-column is-layout-flow wp-block-column-is-layout-flow\">\n<p class=\"has-small-font-size\"><strong>Partenaires<\/strong> <br>Minist\u00e8re des Affaires \u00e9trang\u00e8res, DGM (QP)<br>CNRS, UMR8167 \u2013 Orient &amp; M\u00e9diterran\u00e9e (direction, fouilles QP, \u00e9tudes du mat\u00e9riel, \u00e9tudes historiques, arch\u00e9ozoologie Labex ResMed) \/ UMR5133 \u2013 Arch\u00e9orient (projet cartographique QP) \/ UMR8155 \u2013 CRCAO (\u00e9tudes des importations extr\u00eame-orientales) \/ UMR7264 \u2013 C\u00e9pam (analyses des r\u00e9sines et r\u00e9sidus organiques)<br>UPMC, UMR7075 \u2013 LADIR Labex MiChem (\u00e9tudes physico-chimiques des c\u00e9ramiques)<br>MNHN, UMR7209 \u2013 Arch\u00e9ozoologie, Arch\u00e9obotanique : soci\u00e9t\u00e9s, pratiques et environnement (arch\u00e9obotanique, ichtyologie)<br>World Monuments Fund (volet conservation QDP)<br>Total (m\u00e9c\u00e9nat projet cartographique QP)<br>Iconem (projet cartographique QDP)<\/p>\n<\/div>\n\n\n\n<div class=\"wp-block-column is-layout-flow wp-block-column-is-layout-flow\"><\/div>\n\n\n\n<div class=\"wp-block-column is-layout-flow wp-block-column-is-layout-flow\">\n<p class=\"has-theme-palette-11-color has-text-color has-link-color has-small-font-size wp-elements-444e6d44a96422c160722e6fb03fa1a9\"><strong>Liens<\/strong> :<br><a href=\"http:\/\/www.mhc.gov.om\/tabid\/41\/Default.aspx\" target=\"_blank\" rel=\"noreferrer noopener\">www.mhc.gov.om<\/a><br><a href=\"http:\/\/www.islam-medieval.cnrs.fr\/qalhat.php\" target=\"_blank\" rel=\"noreferrer noopener\">www.islam-medieval.cnrs.fr<\/a><\/p>\n<\/div>\n<\/div>\n\n\n\n<div class=\"wp-block-separator has-alpha-channel-opacity is-style-wide\" style=\"margin-top:var(--wp--preset--spacing--60);margin-bottom:var(--wp--preset--spacing--60)\"><\/div>\n\n\n\n<h2 class=\"wp-block-heading\">Campagnes <\/h2>\n\n\n<ul style=\"padding-top:0;padding-bottom:0;padding-left:0;padding-right:0;\" class=\"wp-block-latest-posts__list is-grid columns-4 has-link-color wp-elements-51a8a8b2d91f0ab99677a4c7bfeb3c75 wp-block-latest-posts has-text-color has-theme-palette-12-color has-small-font-size\"><li><div class=\"wp-block-latest-posts__featured-image\"><a href=\"https:\/\/eveha-international.com\/?p=823\" aria-label=\"Qalh\u00e2t Development Project &#8211; 2013\"><img loading=\"lazy\" decoding=\"async\" width=\"770\" height=\"482\" src=\"https:\/\/eveha-international.com\/wp-content\/uploads\/2016\/04\/QDP-2013-small.jpg\" class=\"attachment-large size-large wp-post-image\" alt=\"\" style=\"\" srcset=\"https:\/\/eveha-international.com\/wp-content\/uploads\/2016\/04\/QDP-2013-small.jpg 770w, https:\/\/eveha-international.com\/wp-content\/uploads\/2016\/04\/QDP-2013-small-300x188.jpg 300w\" sizes=\"auto, (max-width: 770px) 100vw, 770px\" \/><\/a><\/div><a class=\"wp-block-latest-posts__post-title\" href=\"https:\/\/eveha-international.com\/?p=823\">Qalh\u00e2t Development Project &#8211; 2013<\/a><\/li>\n<li><div class=\"wp-block-latest-posts__featured-image\"><a href=\"https:\/\/eveha-international.com\/?p=837\" aria-label=\"Qalh\u00e2t Development Project &#8211; 2013-2014\"><img loading=\"lazy\" decoding=\"async\" width=\"770\" height=\"485\" src=\"https:\/\/eveha-international.com\/wp-content\/uploads\/2016\/04\/QDP-2014-small.png\" class=\"attachment-large size-large wp-post-image\" alt=\"\" style=\"\" srcset=\"https:\/\/eveha-international.com\/wp-content\/uploads\/2016\/04\/QDP-2014-small.png 770w, https:\/\/eveha-international.com\/wp-content\/uploads\/2016\/04\/QDP-2014-small-300x189.png 300w\" sizes=\"auto, (max-width: 770px) 100vw, 770px\" \/><\/a><\/div><a class=\"wp-block-latest-posts__post-title\" href=\"https:\/\/eveha-international.com\/?p=837\">Qalh\u00e2t Development Project &#8211; 2013-2014<\/a><\/li>\n<li><div class=\"wp-block-latest-posts__featured-image\"><a href=\"https:\/\/eveha-international.com\/?p=1259\" aria-label=\"Qalh\u00e2t Development Project &#8211; 2015\"><img loading=\"lazy\" decoding=\"async\" width=\"770\" height=\"485\" src=\"https:\/\/eveha-international.com\/wp-content\/uploads\/2017\/10\/qdp_2017_small.jpg\" class=\"attachment-large size-large wp-post-image\" alt=\"\" style=\"\" srcset=\"https:\/\/eveha-international.com\/wp-content\/uploads\/2017\/10\/qdp_2017_small.jpg 770w, https:\/\/eveha-international.com\/wp-content\/uploads\/2017\/10\/qdp_2017_small-300x189.jpg 300w\" sizes=\"auto, (max-width: 770px) 100vw, 770px\" \/><\/a><\/div><a class=\"wp-block-latest-posts__post-title\" href=\"https:\/\/eveha-international.com\/?p=1259\">Qalh\u00e2t Development Project &#8211; 2015<\/a><\/li>\n<li><div class=\"wp-block-latest-posts__featured-image\"><a href=\"https:\/\/eveha-international.com\/?p=1272\" aria-label=\"Qalh\u00e2t Development Project &#8211; 2016\"><img loading=\"lazy\" decoding=\"async\" width=\"770\" height=\"485\" src=\"https:\/\/eveha-international.com\/wp-content\/uploads\/2017\/10\/qdp_2016_small.jpg\" class=\"attachment-large size-large wp-post-image\" alt=\"\" style=\"\" srcset=\"https:\/\/eveha-international.com\/wp-content\/uploads\/2017\/10\/qdp_2016_small.jpg 770w, https:\/\/eveha-international.com\/wp-content\/uploads\/2017\/10\/qdp_2016_small-300x189.jpg 300w\" sizes=\"auto, (max-width: 770px) 100vw, 770px\" \/><\/a><\/div><a class=\"wp-block-latest-posts__post-title\" href=\"https:\/\/eveha-international.com\/?p=1272\">Qalh\u00e2t Development Project &#8211; 2016<\/a><\/li>\n<li><div class=\"wp-block-latest-posts__featured-image\"><a href=\"https:\/\/eveha-international.com\/?p=538\" aria-label=\"Qalh\u00e2t Project &#8211; 2008\"><img loading=\"lazy\" decoding=\"async\" width=\"770\" height=\"485\" src=\"https:\/\/eveha-international.com\/wp-content\/uploads\/2015\/06\/qalhat-2008_blog.jpg\" class=\"attachment-large size-large wp-post-image\" alt=\"\" style=\"\" srcset=\"https:\/\/eveha-international.com\/wp-content\/uploads\/2015\/06\/qalhat-2008_blog.jpg 770w, https:\/\/eveha-international.com\/wp-content\/uploads\/2015\/06\/qalhat-2008_blog-300x189.jpg 300w\" sizes=\"auto, (max-width: 770px) 100vw, 770px\" \/><\/a><\/div><a class=\"wp-block-latest-posts__post-title\" href=\"https:\/\/eveha-international.com\/?p=538\">Qalh\u00e2t Project &#8211; 2008<\/a><\/li>\n<li><div class=\"wp-block-latest-posts__featured-image\"><a href=\"https:\/\/eveha-international.com\/?p=534\" aria-label=\"Qalh\u00e2t Project &#8211; 2009\"><img loading=\"lazy\" decoding=\"async\" width=\"770\" height=\"485\" src=\"https:\/\/eveha-international.com\/wp-content\/uploads\/2015\/06\/qalhat-2009_blog.jpg\" class=\"attachment-large size-large wp-post-image\" alt=\"\" style=\"\" srcset=\"https:\/\/eveha-international.com\/wp-content\/uploads\/2015\/06\/qalhat-2009_blog.jpg 770w, https:\/\/eveha-international.com\/wp-content\/uploads\/2015\/06\/qalhat-2009_blog-300x189.jpg 300w\" sizes=\"auto, (max-width: 770px) 100vw, 770px\" \/><\/a><\/div><a class=\"wp-block-latest-posts__post-title\" href=\"https:\/\/eveha-international.com\/?p=534\">Qalh\u00e2t Project &#8211; 2009<\/a><\/li>\n<li><div class=\"wp-block-latest-posts__featured-image\"><a href=\"https:\/\/eveha-international.com\/?p=528\" aria-label=\"Qalh\u00e2t Project &#8211; 2010\"><img loading=\"lazy\" decoding=\"async\" width=\"770\" height=\"485\" src=\"https:\/\/eveha-international.com\/wp-content\/uploads\/2015\/06\/qalhat-2010_blog.jpg\" class=\"attachment-large size-large wp-post-image\" alt=\"\" style=\"\" srcset=\"https:\/\/eveha-international.com\/wp-content\/uploads\/2015\/06\/qalhat-2010_blog.jpg 770w, https:\/\/eveha-international.com\/wp-content\/uploads\/2015\/06\/qalhat-2010_blog-300x189.jpg 300w\" sizes=\"auto, (max-width: 770px) 100vw, 770px\" \/><\/a><\/div><a class=\"wp-block-latest-posts__post-title\" href=\"https:\/\/eveha-international.com\/?p=528\">Qalh\u00e2t Project &#8211; 2010<\/a><\/li>\n<li><div class=\"wp-block-latest-posts__featured-image\"><a href=\"https:\/\/eveha-international.com\/?p=1316\" aria-label=\"Qalh\u00e2t Project &#8211; 2011\"><img loading=\"lazy\" decoding=\"async\" width=\"770\" height=\"485\" src=\"https:\/\/eveha-international.com\/wp-content\/uploads\/2017\/10\/QP_2011_small.jpg\" class=\"attachment-large size-large wp-post-image\" alt=\"\" style=\"\" srcset=\"https:\/\/eveha-international.com\/wp-content\/uploads\/2017\/10\/QP_2011_small.jpg 770w, https:\/\/eveha-international.com\/wp-content\/uploads\/2017\/10\/QP_2011_small-300x189.jpg 300w\" sizes=\"auto, (max-width: 770px) 100vw, 770px\" \/><\/a><\/div><a class=\"wp-block-latest-posts__post-title\" href=\"https:\/\/eveha-international.com\/?p=1316\">Qalh\u00e2t Project &#8211; 2011<\/a><\/li>\n<\/ul>\n\n\n<p><\/p>\n","protected":false},"excerpt":{"rendered":"<p>La ville de Qalh\u00e2t est au coeur d&rsquo;un grand projet de mise en valeur qui s&rsquo;accompagne de fouilles arch\u00e9ologiques, dont la responsabilit\u00e9 scientifique a \u00e9t\u00e9 confi\u00e9e \u00e0 Axelle Rougeulle (CNRS, UMR8167 \u2013 Orient et M\u00e9diterran\u00e9e). DirectionAxelle Rougeulle\u00a0(CNRS, UMR8167 \u2013 Orient et M\u00e9diterran\u00e9e) Participation d&rsquo;\u00c9vehatopographie recherches arch\u00e9ologiques photogramm\u00e9trie \u00e9tudes sp\u00e9cialis\u00e9es publication Localisation Sultanat d&rsquo;Oman Localisation et&#8230;<\/p>\n","protected":false},"author":4,"featured_media":4041,"parent":7,"menu_order":0,"comment_status":"closed","ping_status":"closed","template":"","meta":{"inline_featured_image":false,"_kad_post_transparent":"","_kad_post_title":"","_kad_post_layout":"","_kad_post_sidebar_id":"","_kad_post_content_style":"","_kad_post_vertical_padding":"","_kad_post_feature":"","_kad_post_feature_position":"","_kad_post_header":false,"_kad_post_footer":false,"_kad_post_classname":"","footnotes":""},"class_list":["post-4039","page","type-page","status-publish","has-post-thumbnail","hentry"],"_links":{"self":[{"href":"https:\/\/eveha-international.com\/index.php?rest_route=\/wp\/v2\/pages\/4039","targetHints":{"allow":["GET"]}}],"collection":[{"href":"https:\/\/eveha-international.com\/index.php?rest_route=\/wp\/v2\/pages"}],"about":[{"href":"https:\/\/eveha-international.com\/index.php?rest_route=\/wp\/v2\/types\/page"}],"author":[{"embeddable":true,"href":"https:\/\/eveha-international.com\/index.php?rest_route=\/wp\/v2\/users\/4"}],"replies":[{"embeddable":true,"href":"https:\/\/eveha-international.com\/index.php?rest_route=%2Fwp%2Fv2%2Fcomments&post=4039"}],"version-history":[{"count":4,"href":"https:\/\/eveha-international.com\/index.php?rest_route=\/wp\/v2\/pages\/4039\/revisions"}],"predecessor-version":[{"id":4048,"href":"https:\/\/eveha-international.com\/index.php?rest_route=\/wp\/v2\/pages\/4039\/revisions\/4048"}],"up":[{"embeddable":true,"href":"https:\/\/eveha-international.com\/index.php?rest_route=\/wp\/v2\/pages\/7"}],"wp:featuredmedia":[{"embeddable":true,"href":"https:\/\/eveha-international.com\/index.php?rest_route=\/wp\/v2\/media\/4041"}],"wp:attachment":[{"href":"https:\/\/eveha-international.com\/index.php?rest_route=%2Fwp%2Fv2%2Fmedia&parent=4039"}],"curies":[{"name":"wp","href":"https:\/\/api.w.org\/{rel}","templated":true}]}}