{"id":4128,"date":"2026-01-15T18:40:31","date_gmt":"2026-01-15T17:40:31","guid":{"rendered":"https:\/\/eveha-international.com\/?page_id=4128"},"modified":"2026-01-15T18:43:16","modified_gmt":"2026-01-15T17:43:16","slug":"al-kharj-oasis","status":"publish","type":"page","link":"https:\/\/eveha-international.com\/?page_id=4128","title":{"rendered":"Al Kharj oasis"},"content":{"rendered":"\n<p class=\"has-text-align-left has-small-font-size\">\u00c9veha International participe \u00e0 la mission dirig\u00e9e par J\u00e9r\u00e9mie Schiettecatte (CNRS, UMR 8167 Orient et M\u00e9diterran\u00e9e) et Abdalaziz al-Ghazzi (King Saud University, Riyadh) qui se d\u00e9roule sur le site saoudien d&rsquo;al-Yam\u00e2ma, dans l\u2019oasis d\u2019al-Kharj, au sud-est de Riyadh.<\/p>\n\n\n\n<div class=\"wp-block-separator has-alpha-channel-opacity is-style-wide\" style=\"margin-top:var(--wp--preset--spacing--40);margin-bottom:var(--wp--preset--spacing--40)\"><\/div>\n\n\n\n<div class=\"wp-block-columns is-layout-flex wp-container-core-columns-is-layout-9d6595d7 wp-block-columns-is-layout-flex\">\n<div class=\"wp-block-column is-layout-flow wp-block-column-is-layout-flow\">\n<h6 class=\"wp-block-heading has-theme-palette-12-color has-text-color has-link-color has-small-font-size wp-elements-ad864ad903984e123c0cf492ef4f0a84\">Direction<br><strong>J\u00e9r\u00e9mie Schiettecatte<\/strong>\u00a0(CNRS, UMR 8167 <br>Orient et M\u00e9diterran\u00e9e)\u00a0<br><strong>Abdalaziz al-Ghazzi<\/strong>\u00a0(King Saud University, Riyadh)<\/h6>\n<\/div>\n\n\n\n<div class=\"wp-block-column is-layout-flow wp-block-column-is-layout-flow\">\n<p class=\"has-small-font-size\"><strong>Participation d&rsquo;\u00c9veha<br><\/strong>Arch\u00e9o-anthropologie<\/p>\n<\/div>\n\n\n\n<div class=\"wp-block-column is-layout-flow wp-block-column-is-layout-flow\">\n<p class=\"has-small-font-size\"><strong>Localisation<\/strong> <br>Arabie saoudite<\/p>\n<\/div>\n<\/div>\n\n\n\n<div class=\"wp-block-separator has-text-color has-theme-palette-12-color has-alpha-channel-opacity has-theme-palette-12-background-color has-background is-style-wide\" style=\"margin-top:var(--wp--preset--spacing--60);margin-bottom:var(--wp--preset--spacing--60)\"><\/div>\n\n\n\n<p class=\"has-small-font-size\"><strong>Localisation et r\u00e9sum\u00e9 historique<\/strong><br>L\u2019oasis d\u2019al-Kharj se situe au centre de l\u2019Arabie Saoudite, \u00e0 proximit\u00e9 de Riyadh. Elle est implant\u00e9e dans l\u2019une des zones les plus fertiles de la r\u00e9gion du Nejd.<br>L\u2019occupation humaine de cette r\u00e9gion remonte \u00e0 la Pr\u00e9histoire. Les plus anciens vestiges monumentaux sont de tr\u00e8s nombreuses tombes. Elles sont rassembl\u00e9es au sein de n\u00e9cropoles plus ou moins vastes qui jalonnent la r\u00e9gion. L\u2019histoire de ces tombes demeure mal connue pour l\u2019Arabie centrale, mais sur la base des connaissances relatives aux r\u00e9gions voisines (Y\u00e9men, Bahre\u00efn), il est possible de les dater de l\u2019\u00e2ge du Bronze ancien \u00e0 l\u2019\u00e2ge du Fer.<br>Le principal site arch\u00e9ologique de l\u2019oasis, al-Yam\u0101ma, se situe imm\u00e9diatement au nord de la ville moderne d\u2019al-Kharj. Ce site fut l\u2019un des centres urbains principaux de la r\u00e9gion du m\u00eame nom, al-Yam\u0101ma. Au d\u00e9but du VIe si\u00e8cle, cette r\u00e9gion fut gouvern\u00e9e par les princes de la tribu de Kinda, sous tutelle des rois himyarites du Y\u00e9men. A la veille de l\u2019Islam, c\u2019est la tribu des Banu Hanifa qui la contr\u00f4lait. A la suite de la d\u00e9faite de cette tribu face \u00e0 la communaut\u00e9 des premiers musulmans, la ville passe sous contr\u00f4le des premiers califes successeurs du proph\u00e8te Muhammad puis de la dynastie des Umeyyades. C\u2019est \u00e0 cette p\u00e9riode et durant la suivante, la p\u00e9riode abbasside, que le site d\u2019al-Yam\u0101ma et l\u2019oasis d\u2019al-Kharj connaissent un essor remarquable. Le site d\u2019al-Yam\u0101ma dispara\u00eet ensuite largement des sources textuelles du 12<sup>e<\/sup>\u00a0au 15<sup>e<\/sup>\u00a0si\u00e8cle, ce qui semble indiquer qu\u2019il conna\u00eet un abandon. Il se d\u00e9veloppe \u00e0 nouveau au cours de la p\u00e9riode moderne (fin 15e-18e si\u00e8cles).<br>La richesse de l\u2019oasis d\u00e9coule de la pr\u00e9sence d\u2019importantes r\u00e9serves d\u2019eau exploit\u00e9es gr\u00e2ce \u00e0 un r\u00e9seau de puits et de canaux souterrains. Les pompages modernes ont aujourd\u2019hui \u00e9puis\u00e9 la nappe phr\u00e9atique.<\/p>\n\n\n\n<p class=\"has-small-font-size\"><strong>Historique des recherches<\/strong><br>Si l\u2019histoire de la r\u00e9gion est en partie connue gr\u00e2ce aux sources \u00e9crites, son patrimoine arch\u00e9ologique a \u00e9t\u00e9 relativement peu \u00e9tudi\u00e9. D\u00e8s les ann\u00e9es 1920, pourtant, certains auteurs avaient attir\u00e9 l\u2019attention sur la richesse de ce dernier et sur l\u2019int\u00e9r\u00eat que son \u00e9tude pr\u00e9senterait\u00a0: en plein c\u0153ur de l\u2019Arabie, cette r\u00e9gion est situ\u00e9e au point de contact de plusieurs grandes aires culturelles. Dans les ann\u00e9es 1980 et 1990, les n\u00e9cropoles anciennes ont fait l\u2019objet d\u2019\u00e9tude tr\u00e8s ponctuelles et le site d\u2019al-Yam\u0101ma a fait l\u2019objet de quelques sondages..<br>En 2011, une mission franco-saoudienne a entrepris de d\u00e9velopper des recherches \u00e0 l\u2019\u00e9chelle de l\u2019ensemble de l\u2019oasis afin d\u2019en \u00e9tudier l\u2019\u00e9volution du peuplement de la pr\u00e9histoire \u00e0 nos jours. C\u00f4t\u00e9 fran\u00e7ais, le projet est plac\u00e9 sous la responsabilit\u00e9 de J\u00e9r\u00e9mie Schiettecatte (CNRS). Abdalaziz al-Ghazzi (Universit\u00e9 King Saud, Riyadh) est responsable de la partie saoudienne.<br>Ce projet comporte un important travail d\u2019inventaire et de cartographie des sites de la r\u00e9gion, l\u2019ensemble \u00e9tant int\u00e9gr\u00e9 \u00e0 une base de donn\u00e9es et \u00e0 un SIG. Les fouilles arch\u00e9ologiques ont port\u00e9 conjointement sur plusieurs gisements pal\u00e9olithiques de la r\u00e9gion de Rufaya, sur la n\u00e9cropole protohistorique d\u2019Ayn al-Dil\u0101\u02bf et sur la ville m\u00e9di\u00e9vale d\u2019al-Yam\u00e2ma. Plusieurs sondages y ont r\u00e9v\u00e9l\u00e9 l\u2019existence de diff\u00e9rents b\u00e2timents, parmi lesquels des fours de potiers mais aussi une grande mosqu\u00e9e qui a connu plusieurs phases d\u2019occupation. Les investigations arch\u00e9ologiques se sont poursuivies depuis de mani\u00e8re continue.<br>Le mat\u00e9riel retrouv\u00e9 lors des fouilles est souvent assez original et se rapporte \u00e0 des phases encore mal connues pour la r\u00e9gion. Son \u00e9tude permettra notamment d\u2019\u00e9tablir un assemblage de r\u00e9f\u00e9rence pour la p\u00e9riode comprise entre la fin du 4<sup>e<\/sup>\u00a0si\u00e8cle et le 7<sup>e<\/sup>, p\u00e9riode peu document\u00e9e dans la r\u00e9gion de l\u2019Arabie centrale.<br>Outre la dimension purement arch\u00e9ologique (fouilles et prospections g\u00e9ophysiques), le projet comporte \u00e9galement un volet de restauration qui permet de consolider les b\u00e2timents au fur et \u00e0 mesure de leur d\u00e9couverte.<\/p>\n\n\n\n<div class=\"wp-block-separator has-alpha-channel-opacity is-style-wide\" style=\"margin-top:var(--wp--preset--spacing--60);margin-bottom:var(--wp--preset--spacing--60)\"><\/div>\n\n\n\n<div class=\"wp-block-columns is-layout-flex wp-container-core-columns-is-layout-9d6595d7 wp-block-columns-is-layout-flex\">\n<div class=\"wp-block-column is-layout-flow wp-block-column-is-layout-flow\">\n<p class=\"has-small-font-size\"><strong>Partenaires<\/strong> <br>Saudi Commission for Tourism and Antiquities<br>King Saud University, Riyadh<br>Minist\u00e8re des Affaires \u00e9trang\u00e8res<br>CNRS<br>Ambassade de France<br>Agence Nationale pour la Recherche<br>Universit\u00e9 Paris-Sorbonne<br>Labex ResMed (Religion et Soci\u00e9t\u00e9 en M\u00e9diterran\u00e9e)<br>\u00c9cole et Observatoire des Sciences de la Terre, <br>Institut de Physique du Globe, Strasbourg<\/p>\n<\/div>\n\n\n\n<div class=\"wp-block-column is-layout-flow wp-block-column-is-layout-flow\"><\/div>\n\n\n\n<div class=\"wp-block-column is-layout-flow wp-block-column-is-layout-flow\">\n<p class=\"has-theme-palette-11-color has-text-color has-link-color has-small-font-size wp-elements-f11b9555f44659605494ca514475613c\"><strong>Liens<\/strong> :<br><a href=\"http:\/\/www.orient-mediterranee.com\/spip.php?article972\" target=\"_blank\" rel=\"noreferrer noopener\">www.orient-mediterranee.com<\/a><\/p>\n<\/div>\n<\/div>\n\n\n\n<div class=\"wp-block-separator has-alpha-channel-opacity is-style-wide\" style=\"margin-top:var(--wp--preset--spacing--60);margin-bottom:var(--wp--preset--spacing--60)\"><\/div>\n\n\n\n<h2 class=\"wp-block-heading\">Campagnes <\/h2>\n\n\n<ul style=\"padding-top:0;padding-bottom:0;padding-left:0;padding-right:0;\" class=\"wp-block-latest-posts__list is-grid columns-4 has-link-color wp-elements-4db54e360357ef60fc24c4aff969a3e4 wp-block-latest-posts has-text-color has-theme-palette-12-color has-small-font-size\"><li><div class=\"wp-block-latest-posts__featured-image\"><a href=\"https:\/\/eveha-international.com\/?p=342\" aria-label=\"Al-Kharj &#8211; 2013\"><img loading=\"lazy\" decoding=\"async\" width=\"770\" height=\"485\" src=\"https:\/\/eveha-international.com\/wp-content\/uploads\/2015\/06\/al-yamama-2013_blog.jpg\" class=\"attachment-large size-large wp-post-image\" alt=\"\" style=\"\" srcset=\"https:\/\/eveha-international.com\/wp-content\/uploads\/2015\/06\/al-yamama-2013_blog.jpg 770w, https:\/\/eveha-international.com\/wp-content\/uploads\/2015\/06\/al-yamama-2013_blog-300x189.jpg 300w\" sizes=\"auto, (max-width: 770px) 100vw, 770px\" \/><\/a><\/div><a class=\"wp-block-latest-posts__post-title\" href=\"https:\/\/eveha-international.com\/?p=342\">Al-Kharj &#8211; 2013<\/a><\/li>\n<li><div class=\"wp-block-latest-posts__featured-image\"><a href=\"https:\/\/eveha-international.com\/?p=850\" aria-label=\"Al-Kharj &#8211; 2016\"><img loading=\"lazy\" decoding=\"async\" width=\"800\" height=\"530\" src=\"https:\/\/eveha-international.com\/wp-content\/uploads\/2016\/07\/Fig.-1.al_yamama_2016.jpg\" class=\"attachment-large size-large wp-post-image\" alt=\"\" style=\"\" srcset=\"https:\/\/eveha-international.com\/wp-content\/uploads\/2016\/07\/Fig.-1.al_yamama_2016.jpg 800w, https:\/\/eveha-international.com\/wp-content\/uploads\/2016\/07\/Fig.-1.al_yamama_2016-300x199.jpg 300w\" sizes=\"auto, (max-width: 800px) 100vw, 800px\" \/><\/a><\/div><a class=\"wp-block-latest-posts__post-title\" href=\"https:\/\/eveha-international.com\/?p=850\">Al-Kharj &#8211; 2016<\/a><\/li>\n<\/ul>","protected":false},"excerpt":{"rendered":"<p>\u00c9veha International participe \u00e0 la mission dirig\u00e9e par J\u00e9r\u00e9mie Schiettecatte (CNRS, UMR 8167 Orient et M\u00e9diterran\u00e9e) et Abdalaziz al-Ghazzi (King Saud University, Riyadh) qui se d\u00e9roule sur le site saoudien d&rsquo;al-Yam\u00e2ma, dans l\u2019oasis d\u2019al-Kharj, au sud-est de Riyadh. DirectionJ\u00e9r\u00e9mie Schiettecatte\u00a0(CNRS, UMR 8167 Orient et M\u00e9diterran\u00e9e)\u00a0Abdalaziz al-Ghazzi\u00a0(King Saud University, Riyadh) Participation d&rsquo;\u00c9vehaArch\u00e9o-anthropologie Localisation Arabie saoudite Localisation&#8230;<\/p>\n","protected":false},"author":4,"featured_media":4129,"parent":7,"menu_order":0,"comment_status":"closed","ping_status":"closed","template":"","meta":{"inline_featured_image":false,"_kad_post_transparent":"","_kad_post_title":"","_kad_post_layout":"","_kad_post_sidebar_id":"","_kad_post_content_style":"","_kad_post_vertical_padding":"","_kad_post_feature":"","_kad_post_feature_position":"","_kad_post_header":false,"_kad_post_footer":false,"_kad_post_classname":"","footnotes":""},"class_list":["post-4128","page","type-page","status-publish","has-post-thumbnail","hentry"],"_links":{"self":[{"href":"https:\/\/eveha-international.com\/index.php?rest_route=\/wp\/v2\/pages\/4128","targetHints":{"allow":["GET"]}}],"collection":[{"href":"https:\/\/eveha-international.com\/index.php?rest_route=\/wp\/v2\/pages"}],"about":[{"href":"https:\/\/eveha-international.com\/index.php?rest_route=\/wp\/v2\/types\/page"}],"author":[{"embeddable":true,"href":"https:\/\/eveha-international.com\/index.php?rest_route=\/wp\/v2\/users\/4"}],"replies":[{"embeddable":true,"href":"https:\/\/eveha-international.com\/index.php?rest_route=%2Fwp%2Fv2%2Fcomments&post=4128"}],"version-history":[{"count":2,"href":"https:\/\/eveha-international.com\/index.php?rest_route=\/wp\/v2\/pages\/4128\/revisions"}],"predecessor-version":[{"id":4132,"href":"https:\/\/eveha-international.com\/index.php?rest_route=\/wp\/v2\/pages\/4128\/revisions\/4132"}],"up":[{"embeddable":true,"href":"https:\/\/eveha-international.com\/index.php?rest_route=\/wp\/v2\/pages\/7"}],"wp:featuredmedia":[{"embeddable":true,"href":"https:\/\/eveha-international.com\/index.php?rest_route=\/wp\/v2\/media\/4129"}],"wp:attachment":[{"href":"https:\/\/eveha-international.com\/index.php?rest_route=%2Fwp%2Fv2%2Fmedia&parent=4128"}],"curies":[{"name":"wp","href":"https:\/\/api.w.org\/{rel}","templated":true}]}}