{"id":5257,"date":"2026-02-25T14:08:10","date_gmt":"2026-02-25T13:08:10","guid":{"rendered":"https:\/\/eveha-international.com\/?page_id=5257"},"modified":"2026-02-25T14:09:13","modified_gmt":"2026-02-25T13:09:13","slug":"mission-archeologique-du-sud-est-jordanien-masej","status":"publish","type":"page","link":"https:\/\/eveha-international.com\/?page_id=5257&lang=en","title":{"rendered":"Mission Arch\u00e9ologique du Sud-Est Jordanien (MASEJ)"},"content":{"rendered":"\n<p class=\"has-text-align-left has-small-font-size\">Eveha International participe \u00e0 la Mission Arch\u00e9ologique du Sud-Est Jordanien, dirig\u00e9e par Wael Abu-Azizeh (CNRS, Arch\u00e9orient \u2013 UMR 5133) et Mohammad Tarawneh (Al-Hussein Bin Talal University, P\u00e9tra\/Wadi Mussa). Cette mission est plac\u00e9e sous l\u2019\u00e9gide du Minist\u00e8re des Affaires \u00c9trang\u00e8res et du D\u00e9veloppement International.<\/p>\n\n\n\n<div class=\"wp-block-separator has-alpha-channel-opacity is-style-wide\" style=\"margin-top:var(--wp--preset--spacing--40);margin-bottom:var(--wp--preset--spacing--40)\"><\/div>\n\n\n\n<div class=\"wp-block-columns is-layout-flex wp-container-core-columns-is-layout-9d6595d7 wp-block-columns-is-layout-flex\">\n<div class=\"wp-block-column is-layout-flow wp-block-column-is-layout-flow\">\n<h6 class=\"wp-block-heading has-theme-palette-12-color has-text-color has-link-color has-small-font-size wp-elements-aeb19776e00c43478903ad99521699bf\">Direction<br><strong>Wael Abu-Azizeh<\/strong>\u00a0<br>(CNRS, Arch\u00e9orient \u2013 UMR 5133)<br><strong>Mohammad Tarawneh<\/strong>\u00a0<br>(Al-Hussein Bin Talal University)<\/h6>\n<\/div>\n\n\n\n<div class=\"wp-block-column is-layout-flow wp-block-column-is-layout-flow\">\n<p class=\"has-small-font-size\"><strong>How Eveha International Participates<br><\/strong>Archaeological digging<\/p>\n<\/div>\n\n\n\n<div class=\"wp-block-column is-layout-flow wp-block-column-is-layout-flow\">\n<p class=\"has-small-font-size\"><strong>Localisation<\/strong> <br>Jordan<\/p>\n<\/div>\n<\/div>\n\n\n\n<div class=\"wp-block-separator has-text-color has-theme-palette-12-color has-alpha-channel-opacity has-theme-palette-12-background-color has-background is-style-wide\" style=\"margin-top:var(--wp--preset--spacing--60);margin-bottom:var(--wp--preset--spacing--60)\"><\/div>\n\n\n\n<p class=\"has-small-font-size\"><strong>Location and Historical Summary<\/strong><br>The scientific program of the <strong>South Eastern Jordan Archaeological Mission (MASEJ)<\/strong> focuses on the study of human occupation development within the desert margins of the Near East\u2014outside the \u00ab\u00a0Fertile Crescent\u00a0\u00bb\u2014during late Prehistory (from the Neolithic to the end of the Early Bronze Age).<br>Although desert margin regions were long considered entirely devoid of archaeological remains, pioneering research in the basalt <strong>Black Desert<\/strong> of northeastern Jordan, as well as in the Sinai\/Negev, has revealed significant protohistoric human occupation. This precursor work led to various, and sometimes contradictory, hypotheses and theories regarding the origins and development of <strong>nomadic pastoralism<\/strong> in these desert fringes. To this day, this remains the primary mode of animal resource acquisition and management in these regions.<br>While these two areas were previously viewed as quasi-independent \u00ab\u00a0enclaves\u00a0\u00bb on the edge of the <strong>Fertile Crescent<\/strong>, the abundance of archaeological traces identified during MASEJ&rsquo;s preliminary research phases calls for a profound reassessment of the interpretative models proposed thus far.<br>This fieldwork program aims to tap into the considerable potential of southeastern Jordan\u2014a currently hyper-arid and remote area\u2014for global research into the <strong>Neolithization process<\/strong> within the desert margins of the southern Levant and its diffusion into the Arabian Peninsula.<br>MASEJ conducts comprehensive research encompassing the socio-cultural, economic, ecological, and paleoenvironmental aspects that interacted during this conquest of new territories during late Prehistory.<\/p>\n\n\n\n<p class=\"has-small-font-size\"><strong>Research History<\/strong><br>The <strong>MASEJ<\/strong> was established in 2012 as part of a scientific cooperation previously initiated with the <strong>French Institute for the Near East (Ifpo-Amman)<\/strong> and the Faculty of Archaeology at <strong>Al-Hussein Bin Talal University (AHU, Ma\u2019an \u2013 Jordan)<\/strong>. It follows a preliminary study of a micro-region in a desert sector that was completely unexplored until then (survey and archaeological sounding campaigns in the Al-Thulaythuwat sector, 2007 and 2008). In 2012, the cooperation with AHU expanded, giving MASEJ its current form, focusing on two extensive regions: the southern zone (<strong>Zone 1<\/strong>) and the eastern zone of the al-Jafr basin (<strong>Zone 2<\/strong>). The mission conducts complementary and comparative field campaigns, including surveys and excavations, with the active participation of local researchers from AHU.<br><br>Funded since 2012 by successive CNRS grants and AHU, the mission took on a new dimension in 2016 thanks to four-year funding from the <strong>French Ministry for Europe and Foreign Affairs (MEAE)<\/strong>. It is highly interdisciplinary, involving international collaborations in fields such as geoarchaeology, environmental studies, geography, archaeobotany, archaeozoology, funerary anthropology, and the study of material culture and lithic industries. This structure allows the mission to develop robust research on its core scientific themes.<br><br>The diversity of structural remains identified and studied by MASEJ\u2014ranging from temporary campsites and mineral resource extraction sites to <strong>megalithic cairns<\/strong>, funerary structures, and <strong>mass-hunting traps<\/strong>\u2014allows for the study of numerous aspects related to the conquest of territories outside the \u00ab\u00a0Fertile Crescent.\u00a0\u00bb<br><br>While the initial focus was on the later phases (Chalcolithic and Early Bronze Age) with the rise of <strong>nomadic pastoralism<\/strong> as a central theme, recent results have revealed a local phase of Neolithic development previously unknown in the region. This occupation, associated with a highly specialized subsistence strategy involving sophisticated megastructures for mass hunting known as <strong>\u00ab\u00a0Desert Kites,\u00a0\u00bb<\/strong> highlights unexpected development trajectories in the Neolithization process of these regions.<\/p>\n\n\n\n<div class=\"wp-block-separator has-alpha-channel-opacity is-style-wide\" style=\"margin-top:var(--wp--preset--spacing--60);margin-bottom:var(--wp--preset--spacing--60)\"><\/div>\n\n\n\n<div class=\"wp-block-columns is-layout-flex wp-container-core-columns-is-layout-9d6595d7 wp-block-columns-is-layout-flex\">\n<div class=\"wp-block-column is-layout-flow wp-block-column-is-layout-flow\">\n<p class=\"has-small-font-size\"><strong>Partners<\/strong> <br>Minist\u00e8re des Affaires Etrang\u00e8res et du D\u00e9veloppement International<br>D\u00e9partement des Antiquit\u00e9s de Jordanie<br>CNRS, Arch\u00e9orient \u2013 UMR 5133<br>Universit\u00e9 Lumi\u00e8re Lyon 2<br>Al-Hussein Bin Talal University <br>(P\u00e9tra\/ Wadi Mussa, Jordanie)<br>Institut Fran\u00e7ais du Proche-Orient<\/p>\n<\/div>\n\n\n\n<div class=\"wp-block-column is-layout-flow wp-block-column-is-layout-flow\"><\/div>\n\n\n\n<div class=\"wp-block-column is-layout-flow wp-block-column-is-layout-flow\">\n<p class=\"has-theme-palette-11-color has-text-color has-link-color has-small-font-size wp-elements-bf6683e858d2c59eb0696e689893f7ee\"><strong>Links<\/strong> :<br><a href=\"https:\/\/archeorient.hypotheses.org\/5761\" target=\"_blank\" rel=\"noreferrer noopener\">Pr\u00e9sentation Arch\u00e9orient<\/a><br><a href=\"https:\/\/sebapjordan.com\/\" target=\"_blank\" rel=\"noreferrer noopener\">Site weg officiel<\/a><\/p>\n<\/div>\n<\/div>\n\n\n\n<div class=\"wp-block-separator has-alpha-channel-opacity is-style-wide\" style=\"margin-top:var(--wp--preset--spacing--60);margin-bottom:var(--wp--preset--spacing--60)\"><\/div>\n\n\n\n<h2 class=\"wp-block-heading\">The excavation campaigns (by year)<\/h2>\n\n\n<ul style=\"padding-top:0;padding-bottom:0;padding-left:0;padding-right:0;\" class=\"wp-block-latest-posts__list is-grid columns-4 has-link-color wp-elements-51ba5d59d524f9e6571205d693691f1a wp-block-latest-posts has-text-color has-theme-palette-12-color has-small-font-size\"><li><div class=\"wp-block-latest-posts__featured-image\"><a href=\"https:\/\/eveha-international.com\/?p=4927&#038;lang=en\" aria-label=\"MASEJ &#8211; 2016\"><img loading=\"lazy\" decoding=\"async\" width=\"770\" height=\"485\" src=\"https:\/\/eveha-international.com\/wp-content\/uploads\/2017\/01\/masej_2016_small.jpg\" class=\"attachment-large size-large wp-post-image\" alt=\"\" style=\"\" srcset=\"https:\/\/eveha-international.com\/wp-content\/uploads\/2017\/01\/masej_2016_small.jpg 770w, https:\/\/eveha-international.com\/wp-content\/uploads\/2017\/01\/masej_2016_small-300x189.jpg 300w\" sizes=\"auto, (max-width: 770px) 100vw, 770px\" \/><\/a><\/div><a class=\"wp-block-latest-posts__post-title\" href=\"https:\/\/eveha-international.com\/?p=4927&#038;lang=en\">MASEJ &#8211; 2016<\/a><\/li>\n<\/ul>","protected":false},"excerpt":{"rendered":"<p>Eveha International participe \u00e0 la Mission Arch\u00e9ologique du Sud-Est Jordanien, dirig\u00e9e par Wael Abu-Azizeh (CNRS, Arch\u00e9orient \u2013 UMR 5133) et Mohammad Tarawneh (Al-Hussein Bin Talal University, P\u00e9tra\/Wadi Mussa). Cette mission est plac\u00e9e sous l\u2019\u00e9gide du Minist\u00e8re des Affaires \u00c9trang\u00e8res et du D\u00e9veloppement International. DirectionWael Abu-Azizeh\u00a0(CNRS, Arch\u00e9orient \u2013 UMR 5133)Mohammad Tarawneh\u00a0(Al-Hussein Bin Talal University) How Eveha&#8230;<\/p>\n","protected":false},"author":4,"featured_media":3937,"parent":5095,"menu_order":0,"comment_status":"closed","ping_status":"closed","template":"","meta":{"inline_featured_image":false,"_kad_post_transparent":"","_kad_post_title":"","_kad_post_layout":"","_kad_post_sidebar_id":"","_kad_post_content_style":"","_kad_post_vertical_padding":"","_kad_post_feature":"","_kad_post_feature_position":"","_kad_post_header":false,"_kad_post_footer":false,"_kad_post_classname":"","footnotes":""},"class_list":["post-5257","page","type-page","status-publish","has-post-thumbnail","hentry"],"_links":{"self":[{"href":"https:\/\/eveha-international.com\/index.php?rest_route=\/wp\/v2\/pages\/5257","targetHints":{"allow":["GET"]}}],"collection":[{"href":"https:\/\/eveha-international.com\/index.php?rest_route=\/wp\/v2\/pages"}],"about":[{"href":"https:\/\/eveha-international.com\/index.php?rest_route=\/wp\/v2\/types\/page"}],"author":[{"embeddable":true,"href":"https:\/\/eveha-international.com\/index.php?rest_route=\/wp\/v2\/users\/4"}],"replies":[{"embeddable":true,"href":"https:\/\/eveha-international.com\/index.php?rest_route=%2Fwp%2Fv2%2Fcomments&post=5257"}],"version-history":[{"count":1,"href":"https:\/\/eveha-international.com\/index.php?rest_route=\/wp\/v2\/pages\/5257\/revisions"}],"predecessor-version":[{"id":5259,"href":"https:\/\/eveha-international.com\/index.php?rest_route=\/wp\/v2\/pages\/5257\/revisions\/5259"}],"up":[{"embeddable":true,"href":"https:\/\/eveha-international.com\/index.php?rest_route=\/wp\/v2\/pages\/5095"}],"wp:featuredmedia":[{"embeddable":true,"href":"https:\/\/eveha-international.com\/index.php?rest_route=\/wp\/v2\/media\/3937"}],"wp:attachment":[{"href":"https:\/\/eveha-international.com\/index.php?rest_route=%2Fwp%2Fv2%2Fmedia&parent=5257"}],"curies":[{"name":"wp","href":"https:\/\/api.w.org\/{rel}","templated":true}]}}