{"id":5300,"date":"2026-02-25T16:38:40","date_gmt":"2026-02-25T15:38:40","guid":{"rendered":"https:\/\/eveha-international.com\/?page_id=5300"},"modified":"2026-02-25T16:57:36","modified_gmt":"2026-02-25T15:57:36","slug":"qalhat","status":"publish","type":"page","link":"https:\/\/eveha-international.com\/?page_id=5300&lang=en","title":{"rendered":"Qalh\u00e2t"},"content":{"rendered":"\n<p class=\"has-text-align-left has-small-font-size\">The city of Qalh\u00e2t is the focus of an enhancement project accompanied by arch\u00e6ological excavations conducted by Axelle Rougeulle (CNRS, UMR8167 \u2013 Orient et M\u00e9diterran\u00e9e).<\/p>\n\n\n\n<div class=\"wp-block-separator has-alpha-channel-opacity is-style-wide\" style=\"margin-top:var(--wp--preset--spacing--40);margin-bottom:var(--wp--preset--spacing--40)\"><\/div>\n\n\n\n<div class=\"wp-block-columns is-layout-flex wp-container-core-columns-is-layout-9d6595d7 wp-block-columns-is-layout-flex\">\n<div class=\"wp-block-column is-layout-flow wp-block-column-is-layout-flow\">\n<h6 class=\"wp-block-heading has-theme-palette-12-color has-text-color has-link-color has-small-font-size wp-elements-63fae4f9241a861783d3c950d7b86e31\">Direction<br><strong>Axelle Rougeulle<\/strong>&nbsp;(CNRS, UMR8167 \u2013 <br>Orient et M\u00e9diterran\u00e9e)<\/h6>\n<\/div>\n\n\n\n<div class=\"wp-block-column is-layout-flow wp-block-column-is-layout-flow\">\n<p class=\"has-small-font-size\"><strong>How Eveha International Participates<br><\/strong>topography archaeological <br>investigation photogrammetry <br>find studies<\/p>\n<\/div>\n\n\n\n<div class=\"wp-block-column is-layout-flow wp-block-column-is-layout-flow\">\n<p class=\"has-small-font-size\"><strong>Localisation<\/strong> <br>Sultanate of Oman<\/p>\n<\/div>\n<\/div>\n\n\n\n<div class=\"wp-block-separator has-text-color has-theme-palette-12-color has-alpha-channel-opacity has-theme-palette-12-background-color has-background is-style-wide\" style=\"margin-top:var(--wp--preset--spacing--60);margin-bottom:var(--wp--preset--spacing--60)\"><\/div>\n\n\n\n<p class=\"has-small-font-size\"><strong>Location and historical summary<\/strong><br>The site of Qalh\u00e2t is located approximately 50 kilometres north of Ra\u2019s al-Hadd, the most westerly point on the Arabian peninsula, close to the modern town of Sur.<br><br>The town is mentioned by various chroniclers from the 12<sup>th<\/sup>\u00a0century onwards. Several ancient authors suggest that it was founded around 1100 AD, and initial analysis of the site\u2019s stratigraphy appears to confirm this.<br><br>The vast site covers almost 35 ha and has varying densities of occupation, marked by different sets of fortifications. The town clearly went through a golden age around the turn of the 14<sup>th<\/sup>\u00a0century. It was part of the Kingdom of Ormus and at that time was overseen by the governor Ayaz and his wife Bibi Maryam. This period is characterised by the construction of a huge monumental complex near the beach, in the heart of the old town. Located here was the large mosque visited by Ibn Battuta in\u00a0<em>c<\/em>. 1330 as well as, in all likelihood, the governor\u2019s house. At this time, Qalh\u00e2t was an important international trading port at the centre of complex trade networks. It was the second capital of the Kingdom of Ormus, which dominated maritime routes in the eastern Indian Ocean. The abundant imported pottery found on the site gives us an insight into these networks: it comes predominantly from Iran and the Indian subcontinent, but higher status pieces originated in the Far East.<br><br>The port of Qalh\u00e2t appears to go into a slight decline in the later 15<sup>th<\/sup>\u00a0century, and the Portuguese who made a stopover here in 1507 did so in a city which had lost momentum. The following year, according to their accounts, they slaughtered the inhabitants, pillaged their houses and destroyed some of the monuments. Though the extent of this destruction was probably exaggerated by chroniclers, Qalh\u00e2t\u2019s decline no longer in any doubt. Nevertheless, the town continues to be occupied, and the port remains active: pottery from the Far East is imported until the later 16<sup>th<\/sup>\u00a0century. Indeed, the region has never been totally abandoned, and a village was built outside the old city walls, on the other side of the wadi during the modern period. The fortified town was, however, largely deserted, marked only by sporadic occupation probably linked with pastoralism.<br><br><strong>Research history<\/strong><br>The site resembles an enormous field of ruins scattered with walls and rare monuments, such the so-called mausoleum of Bibi Maryam. Starting in the 19<sup>th<\/sup>\u00a0century, reference is made to the ancient city by certain travellers, and the site was partly known from the different texts which mentioned it. However, both the overall organisation of the town and its history remained largely unknown. It was not until 2003 that the first archaeological excavations took place.<br><br>The Qalh\u00e2t Project (QP), an archaeological research programme on the site, was launched in 2008 by the Ministry of Heritage and Culture of the Sultanate of Oman, under the direction of Axell Rougeulle (CNRS \u2013 UMR 8167) and in the context of the work of the excavation committee of the French Ministry of Foreign Affairs. The first four-year cycle finished in 2012 with a season of pre-publication. In 2013, a new four-year project was launched by the same institutions.<br><br>Alongside this programme, the Qalh\u00e2t Development Project (QDP) was launched in 2013 by the Ministry of Heritage and Culture of the Sultanate of Oman, under the scientific direction of Axelle Rougeulle. Qalh\u00e2t is the largest archaeological site in the Sultanate of Oman, and one of the most spectacular. The authorities therefore wish to make it a national and international visitor attraction. The project consists of extensive excavations, as well as conservation of the excavated buildings. An interpretive centre is also planned for the site.<\/p>\n\n\n\n<div class=\"wp-block-separator has-alpha-channel-opacity is-style-wide\" style=\"margin-top:var(--wp--preset--spacing--60);margin-bottom:var(--wp--preset--spacing--60)\"><\/div>\n\n\n\n<div class=\"wp-block-columns is-layout-flex wp-container-core-columns-is-layout-9d6595d7 wp-block-columns-is-layout-flex\">\n<div class=\"wp-block-column is-layout-flow wp-block-column-is-layout-flow\">\n<p class=\"has-small-font-size\"><strong>Partners<\/strong> <br>French Ministry of Foreign Affairs (QP)<br>CNRS, UMR8167 \u2013 Orient &amp; M\u00e9diterran\u00e9e (direction, QP excavation, finds analysis, historical studies, zooarchaeology Labex ResMed) \/ UMR5133 \u2013 Arch\u00e9orient (QP mapping project) \/ UMR8155 \u2013 CRCAO (study of Far Eastern imports) \/ UMR7264 \u2013 C\u00e9pam (resin and organic residue analysis)<br>UPMC, UMR7075 \u2013 LADIR Labex MiChem (chemical analysis of pottery)<br>MNHN, UMR7209 \u2013 Arch\u00e9ozoologie, Arch\u00e9obotanique : soci\u00e9t\u00e9s, pratiques et environnement (archaeobotany, ichtyology)<br>World Monuments Fund (conservation component of QDP)<br>Total (sponsorship of QP mapping project)<br>Iconem (QDP mapping project)<\/p>\n<\/div>\n\n\n\n<div class=\"wp-block-column is-layout-flow wp-block-column-is-layout-flow\"><\/div>\n\n\n\n<div class=\"wp-block-column is-layout-flow wp-block-column-is-layout-flow\">\n<p class=\"has-theme-palette-11-color has-text-color has-link-color has-small-font-size wp-elements-03d81e10308660d54c166f3362f2d394\"><strong>Links<\/strong> :<br><a href=\"http:\/\/www.mhc.gov.om\/tabid\/41\/Default.aspx\" target=\"_blank\" rel=\"noreferrer noopener\">www.mhc.gov.om<\/a><br><a href=\"http:\/\/www.islam-medieval.cnrs.fr\/qalhat.php\" target=\"_blank\" rel=\"noreferrer noopener\">www.islam-medieval.cnrs.fr<\/a><\/p>\n<\/div>\n<\/div>\n\n\n\n<div class=\"wp-block-separator has-alpha-channel-opacity is-style-wide\" style=\"margin-top:var(--wp--preset--spacing--60);margin-bottom:var(--wp--preset--spacing--60)\"><\/div>\n\n\n\n<h2 class=\"wp-block-heading\">The excavation campaigns (by year)<\/h2>\n\n\n<ul style=\"padding-top:0;padding-bottom:0;padding-left:0;padding-right:0;\" class=\"wp-block-latest-posts__list is-grid columns-4 has-link-color wp-elements-4edfaa3b4f85aa222fd19975363bd904 wp-block-latest-posts has-text-color has-theme-palette-12-color has-small-font-size\"><li><div class=\"wp-block-latest-posts__featured-image\"><a href=\"https:\/\/eveha-international.com\/?p=5004&#038;lang=en\" aria-label=\"Qalh\u00e2t Development Project &#8211; 2013\"><img loading=\"lazy\" decoding=\"async\" width=\"770\" height=\"482\" src=\"https:\/\/eveha-international.com\/wp-content\/uploads\/2016\/04\/QDP-2013-small.jpg\" class=\"attachment-large size-large wp-post-image\" alt=\"\" style=\"\" srcset=\"https:\/\/eveha-international.com\/wp-content\/uploads\/2016\/04\/QDP-2013-small.jpg 770w, https:\/\/eveha-international.com\/wp-content\/uploads\/2016\/04\/QDP-2013-small-300x188.jpg 300w\" sizes=\"auto, (max-width: 770px) 100vw, 770px\" \/><\/a><\/div><a class=\"wp-block-latest-posts__post-title\" href=\"https:\/\/eveha-international.com\/?p=5004&#038;lang=en\">Qalh\u00e2t Development Project &#8211; 2013<\/a><\/li>\n<li><div class=\"wp-block-latest-posts__featured-image\"><a href=\"https:\/\/eveha-international.com\/?p=5000&#038;lang=en\" aria-label=\"Qalh\u00e2t Development Project &#8211; 2013-2014\"><img loading=\"lazy\" decoding=\"async\" width=\"770\" height=\"485\" src=\"https:\/\/eveha-international.com\/wp-content\/uploads\/2016\/04\/QDP-2014-small.png\" class=\"attachment-large size-large wp-post-image\" alt=\"\" style=\"\" srcset=\"https:\/\/eveha-international.com\/wp-content\/uploads\/2016\/04\/QDP-2014-small.png 770w, https:\/\/eveha-international.com\/wp-content\/uploads\/2016\/04\/QDP-2014-small-300x189.png 300w\" sizes=\"auto, (max-width: 770px) 100vw, 770px\" \/><\/a><\/div><a class=\"wp-block-latest-posts__post-title\" href=\"https:\/\/eveha-international.com\/?p=5000&#038;lang=en\">Qalh\u00e2t Development Project &#8211; 2013-2014<\/a><\/li>\n<li><div class=\"wp-block-latest-posts__featured-image\"><a href=\"https:\/\/eveha-international.com\/?p=5057&#038;lang=en\" aria-label=\"Qalh\u00e2t Development Project &#8211; 2015\"><img loading=\"lazy\" decoding=\"async\" width=\"770\" height=\"485\" src=\"https:\/\/eveha-international.com\/wp-content\/uploads\/2017\/10\/qdp_2017_small.jpg\" class=\"attachment-large size-large wp-post-image\" alt=\"\" style=\"\" srcset=\"https:\/\/eveha-international.com\/wp-content\/uploads\/2017\/10\/qdp_2017_small.jpg 770w, https:\/\/eveha-international.com\/wp-content\/uploads\/2017\/10\/qdp_2017_small-300x189.jpg 300w\" sizes=\"auto, (max-width: 770px) 100vw, 770px\" \/><\/a><\/div><a class=\"wp-block-latest-posts__post-title\" href=\"https:\/\/eveha-international.com\/?p=5057&#038;lang=en\">Qalh\u00e2t Development Project &#8211; 2015<\/a><\/li>\n<li><div class=\"wp-block-latest-posts__featured-image\"><a href=\"https:\/\/eveha-international.com\/?p=4739&#038;lang=en\" aria-label=\"Qalh\u00e2t Development Project &#8211; 2016\"><img loading=\"lazy\" decoding=\"async\" width=\"770\" height=\"485\" src=\"https:\/\/eveha-international.com\/wp-content\/uploads\/2017\/10\/qdp_2016_small.jpg\" class=\"attachment-large size-large wp-post-image\" alt=\"\" style=\"\" srcset=\"https:\/\/eveha-international.com\/wp-content\/uploads\/2017\/10\/qdp_2016_small.jpg 770w, https:\/\/eveha-international.com\/wp-content\/uploads\/2017\/10\/qdp_2016_small-300x189.jpg 300w\" sizes=\"auto, (max-width: 770px) 100vw, 770px\" \/><\/a><\/div><a class=\"wp-block-latest-posts__post-title\" href=\"https:\/\/eveha-international.com\/?p=4739&#038;lang=en\">Qalh\u00e2t Development Project &#8211; 2016<\/a><\/li>\n<li><div class=\"wp-block-latest-posts__featured-image\"><a href=\"https:\/\/eveha-international.com\/?p=5040&#038;lang=en\" aria-label=\"Qalh\u00e2t Project &#8211; 2008\"><img loading=\"lazy\" decoding=\"async\" width=\"770\" height=\"485\" src=\"https:\/\/eveha-international.com\/wp-content\/uploads\/2015\/06\/qalhat-2008_blog.jpg\" class=\"attachment-large size-large wp-post-image\" alt=\"\" style=\"\" srcset=\"https:\/\/eveha-international.com\/wp-content\/uploads\/2015\/06\/qalhat-2008_blog.jpg 770w, https:\/\/eveha-international.com\/wp-content\/uploads\/2015\/06\/qalhat-2008_blog-300x189.jpg 300w\" sizes=\"auto, (max-width: 770px) 100vw, 770px\" \/><\/a><\/div><a class=\"wp-block-latest-posts__post-title\" href=\"https:\/\/eveha-international.com\/?p=5040&#038;lang=en\">Qalh\u00e2t Project &#8211; 2008<\/a><\/li>\n<li><div class=\"wp-block-latest-posts__featured-image\"><a href=\"https:\/\/eveha-international.com\/?p=5038&#038;lang=en\" aria-label=\"Qalh\u00e2t Project &#8211; 2009\"><img loading=\"lazy\" decoding=\"async\" width=\"770\" height=\"485\" src=\"https:\/\/eveha-international.com\/wp-content\/uploads\/2015\/06\/qalhat-2009_blog.jpg\" class=\"attachment-large size-large wp-post-image\" alt=\"\" style=\"\" srcset=\"https:\/\/eveha-international.com\/wp-content\/uploads\/2015\/06\/qalhat-2009_blog.jpg 770w, https:\/\/eveha-international.com\/wp-content\/uploads\/2015\/06\/qalhat-2009_blog-300x189.jpg 300w\" sizes=\"auto, (max-width: 770px) 100vw, 770px\" \/><\/a><\/div><a class=\"wp-block-latest-posts__post-title\" href=\"https:\/\/eveha-international.com\/?p=5038&#038;lang=en\">Qalh\u00e2t Project &#8211; 2009<\/a><\/li>\n<li><div class=\"wp-block-latest-posts__featured-image\"><a href=\"https:\/\/eveha-international.com\/?p=5036&#038;lang=en\" aria-label=\"Qalh\u00e2t Project &#8211; 2010\"><img loading=\"lazy\" decoding=\"async\" width=\"770\" height=\"485\" src=\"https:\/\/eveha-international.com\/wp-content\/uploads\/2015\/06\/qalhat-2010_blog.jpg\" class=\"attachment-large size-large wp-post-image\" alt=\"\" style=\"\" srcset=\"https:\/\/eveha-international.com\/wp-content\/uploads\/2015\/06\/qalhat-2010_blog.jpg 770w, https:\/\/eveha-international.com\/wp-content\/uploads\/2015\/06\/qalhat-2010_blog-300x189.jpg 300w\" sizes=\"auto, (max-width: 770px) 100vw, 770px\" \/><\/a><\/div><a class=\"wp-block-latest-posts__post-title\" href=\"https:\/\/eveha-international.com\/?p=5036&#038;lang=en\">Qalh\u00e2t Project &#8211; 2010<\/a><\/li>\n<li><div class=\"wp-block-latest-posts__featured-image\"><a href=\"https:\/\/eveha-international.com\/?p=5034&#038;lang=en\" aria-label=\"Qalh\u00e2t Project &#8211; 2011\"><img loading=\"lazy\" decoding=\"async\" width=\"770\" height=\"485\" src=\"https:\/\/eveha-international.com\/wp-content\/uploads\/2017\/10\/QP_2011_small.jpg\" class=\"attachment-large size-large wp-post-image\" alt=\"\" style=\"\" srcset=\"https:\/\/eveha-international.com\/wp-content\/uploads\/2017\/10\/QP_2011_small.jpg 770w, https:\/\/eveha-international.com\/wp-content\/uploads\/2017\/10\/QP_2011_small-300x189.jpg 300w\" sizes=\"auto, (max-width: 770px) 100vw, 770px\" \/><\/a><\/div><a class=\"wp-block-latest-posts__post-title\" href=\"https:\/\/eveha-international.com\/?p=5034&#038;lang=en\">Qalh\u00e2t Project &#8211; 2011<\/a><\/li>\n<\/ul>\n\n\n<p><\/p>\n","protected":false},"excerpt":{"rendered":"<p>The city of Qalh\u00e2t is the focus of an enhancement project accompanied by arch\u00e6ological excavations conducted by Axelle Rougeulle (CNRS, UMR8167 \u2013 Orient et M\u00e9diterran\u00e9e). DirectionAxelle Rougeulle&nbsp;(CNRS, UMR8167 \u2013 Orient et M\u00e9diterran\u00e9e) How Eveha International Participatestopography archaeological investigation photogrammetry find studies Localisation Sultanate of Oman Location and historical summaryThe site of Qalh\u00e2t is located approximately&#8230;<\/p>\n","protected":false},"author":4,"featured_media":4041,"parent":5095,"menu_order":0,"comment_status":"closed","ping_status":"closed","template":"","meta":{"inline_featured_image":false,"_kad_post_transparent":"","_kad_post_title":"","_kad_post_layout":"","_kad_post_sidebar_id":"","_kad_post_content_style":"","_kad_post_vertical_padding":"","_kad_post_feature":"","_kad_post_feature_position":"","_kad_post_header":false,"_kad_post_footer":false,"_kad_post_classname":"","footnotes":""},"class_list":["post-5300","page","type-page","status-publish","has-post-thumbnail","hentry"],"_links":{"self":[{"href":"https:\/\/eveha-international.com\/index.php?rest_route=\/wp\/v2\/pages\/5300","targetHints":{"allow":["GET"]}}],"collection":[{"href":"https:\/\/eveha-international.com\/index.php?rest_route=\/wp\/v2\/pages"}],"about":[{"href":"https:\/\/eveha-international.com\/index.php?rest_route=\/wp\/v2\/types\/page"}],"author":[{"embeddable":true,"href":"https:\/\/eveha-international.com\/index.php?rest_route=\/wp\/v2\/users\/4"}],"replies":[{"embeddable":true,"href":"https:\/\/eveha-international.com\/index.php?rest_route=%2Fwp%2Fv2%2Fcomments&post=5300"}],"version-history":[{"count":1,"href":"https:\/\/eveha-international.com\/index.php?rest_route=\/wp\/v2\/pages\/5300\/revisions"}],"predecessor-version":[{"id":5302,"href":"https:\/\/eveha-international.com\/index.php?rest_route=\/wp\/v2\/pages\/5300\/revisions\/5302"}],"up":[{"embeddable":true,"href":"https:\/\/eveha-international.com\/index.php?rest_route=\/wp\/v2\/pages\/5095"}],"wp:featuredmedia":[{"embeddable":true,"href":"https:\/\/eveha-international.com\/index.php?rest_route=\/wp\/v2\/media\/4041"}],"wp:attachment":[{"href":"https:\/\/eveha-international.com\/index.php?rest_route=%2Fwp%2Fv2%2Fmedia&parent=5300"}],"curies":[{"name":"wp","href":"https:\/\/api.w.org\/{rel}","templated":true}]}}